{"id":62289,"date":"2026-04-02T10:59:54","date_gmt":"2026-04-02T08:59:54","guid":{"rendered":"https:\/\/maisonessentielle.com\/?post_type=product&#038;p=62289"},"modified":"2026-04-03T12:27:55","modified_gmt":"2026-04-03T10:27:55","slug":"patron-le-pantalon-bobo-the-bobo-pants","status":"publish","type":"product","link":"https:\/\/maisonessentielle.com\/produit\/patron-le-pantalon-bobo-the-bobo-pants\/","title":{"rendered":"Patron le pantalon Bobo \/ the Bobo pants pattern &#8211; PDF"},"content":{"rendered":"<h2>Choisissez votre taille et consultez le m\u00e9trage tissu n\u00e9cessaire en vous r\u00e9f\u00e9rant au tableau de mensurations (mesures en cm) :<\/h2>\n<p>&nbsp;<\/p>\n<table>\n<tbody>\n<tr>\n<td><b>Taille<\/b><\/td>\n<td><b>34<\/b><\/p>\n<p><b>XS<\/b><\/td>\n<td><b>36<\/b><\/p>\n<p><b>S<\/b><\/td>\n<td><b>38<\/b><\/td>\n<td><b>40<\/b><\/p>\n<p><b>M<\/b><\/td>\n<td><b>42<\/b><\/td>\n<td><b>44<\/b><\/p>\n<p><b>L<\/b><\/td>\n<td><b>46<\/b><\/td>\n<td><b>48<\/b><\/p>\n<p><b>XL<\/b><\/td>\n<\/tr>\n<tr>\n<td><b>Tour de poitrine<\/b><\/td>\n<td>82<\/td>\n<td>86<\/td>\n<td>90<\/td>\n<td>94<\/td>\n<td>98<\/td>\n<td>102<\/td>\n<td>106<\/td>\n<td>110<\/td>\n<\/tr>\n<tr>\n<td><b>Tour de taille<\/b><\/td>\n<td>68<\/td>\n<td>72<\/td>\n<td>76<\/td>\n<td>80<\/td>\n<td>84<\/td>\n<td>88<\/td>\n<td>92<\/td>\n<td>96<\/td>\n<\/tr>\n<tr>\n<td><b>Tour de hanche<\/b><\/td>\n<td>88<\/td>\n<td>92<\/td>\n<td>96<\/td>\n<td>100<\/td>\n<td>104<\/td>\n<td>108<\/td>\n<td>112<\/td>\n<td>116<\/td>\n<\/tr>\n<tr>\n<td><b>Tissu L140 <\/b><b>avec sens<\/b><\/td>\n<td>132<\/td>\n<td>134<\/td>\n<td>135<\/td>\n<td>146<\/td>\n<td>154<\/td>\n<td>159<\/td>\n<td>168<\/td>\n<td>184<\/td>\n<\/tr>\n<tr>\n<td><b>Tissu L145 <\/b><b>avec sens<\/b><\/td>\n<td>134<\/td>\n<td>135<\/td>\n<td>135<\/td>\n<td>135<\/td>\n<td>140<\/td>\n<td>148<\/td>\n<td>153<\/td>\n<td>163<\/td>\n<\/tr>\n<tr>\n<td><b>Tissu L150 <\/b><b>avec sens\u00a0<\/b><\/td>\n<td>126<\/td>\n<td>132<\/td>\n<td>133<\/td>\n<td>136<\/td>\n<td>136<\/td>\n<td>137<\/td>\n<td>148<\/td>\n<td>152<\/td>\n<\/tr>\n<\/tbody>\n<\/table>\n<p style=\"text-align: center;\"><strong>Partagez-nous votre r\u00e9alisation sur les r\u00e9seaux sociaux #lepantalonbobo @maison_essentielle_<\/strong><\/p>\n<p>&nbsp;<\/p>\n<h2>Choose your size and check the fabric yardage required by referring to the measurement chart (measurements in cm) :<\/h2>\n<p>&nbsp;<\/p>\n<table>\n<tbody>\n<tr>\n<td><b>Size<\/b><\/td>\n<td><b>34<\/b><\/p>\n<p><b>XS<\/b><\/td>\n<td><b>36<\/b><\/p>\n<p><b>S<\/b><\/td>\n<td><b>38<\/b><\/td>\n<td><b>40<\/b><\/p>\n<p><b>M<\/b><\/td>\n<td><b>42<\/b><\/td>\n<td><b>44<\/b><\/p>\n<p><b>L<\/b><\/td>\n<td><b>46<\/b><\/td>\n<td><b>48<\/b><\/p>\n<p><b>XL<\/b><\/td>\n<\/tr>\n<tr>\n<td><b>Chest<\/b><\/td>\n<td>82<\/td>\n<td>86<\/td>\n<td>90<\/td>\n<td>94<\/td>\n<td>98<\/td>\n<td>102<\/td>\n<td>106<\/td>\n<td>110<\/td>\n<\/tr>\n<tr>\n<td><b>Waist<\/b><\/td>\n<td>68<\/td>\n<td>72<\/td>\n<td>76<\/td>\n<td>80<\/td>\n<td>84<\/td>\n<td>88<\/td>\n<td>92<\/td>\n<td>96<\/td>\n<\/tr>\n<tr>\n<td><b>Hip circumference<\/b><\/td>\n<td>88<\/td>\n<td>92<\/td>\n<td>96<\/td>\n<td>100<\/td>\n<td>104<\/td>\n<td>108<\/td>\n<td>112<\/td>\n<td>116<\/td>\n<\/tr>\n<tr>\n<td><b>140cm wide fabric with direction<\/b><\/td>\n<td>132<\/td>\n<td>134<\/td>\n<td>135<\/td>\n<td>146<\/td>\n<td>154<\/td>\n<td>159<\/td>\n<td>168<\/td>\n<td>184<\/td>\n<\/tr>\n<tr>\n<td><b>Fabric 145 cm wide <\/b><b>with direction<\/b><\/td>\n<td>134<\/td>\n<td>135<\/td>\n<td>135<\/td>\n<td>135<\/td>\n<td>140<\/td>\n<td>148<\/td>\n<td>153<\/td>\n<td>163<\/td>\n<\/tr>\n<tr>\n<td><b>150cm wide fabric <\/b><b>with direction\u00a0<\/b><\/td>\n<td>126<\/td>\n<td>132<\/td>\n<td>133<\/td>\n<td>136<\/td>\n<td>136<\/td>\n<td>137<\/td>\n<td>148<\/td>\n<td>152<\/td>\n<\/tr>\n<\/tbody>\n<\/table>\n<p style=\"text-align: center;\"><strong>Share your creation with us on social media #thebobopants @maison_essentielle_<\/strong><\/p>\n","protected":false},"excerpt":{"rendered":"<p>&nbsp;<\/p>\n<h2><b>Le Bobo, un pantalon basic d\u00e9contract\u00e9 et confortable<\/b><\/h2>\n<p><strong>Le Bobo est un patron de couture niveau d\u00e9butant pour coudre tr\u00e8s facilement un pantalon. Le pantalon Bobo est l\u2019indispensable pantalon \u00e0 avoir dans son dressing, il se porte en toutes occasions en fonction du tissu choisi qui lui donne son style et son caract\u00e8re : en lin lav\u00e9, en gabardine ou en velours pour une allure d\u00e9contract\u00e9e, en soie ou viscose pour une version plus habill\u00e9e.<\/strong><\/p>\n<p><strong>Le patron pr\u00e9voit des options pour apporter de jolies finitions : passants, fausse braguette, poche plaqu\u00e9e dos, poches doubl\u00e9es avec entr\u00e9e de poche.<\/strong><\/p>\n<p>D\u00e9butante en couture, ce pantalon est fait pour vous, r\u00e9alisez le sans poche dans un 1er temps, c\u2019est un projet valorisant pour se lancer. Vous pouvez aussi jouer sur les longueurs : longueur cheville ou 7\/8\u00e8me avec un plus large ourlet.<\/p>\n<div><\/div>\n<h2>Caract\u00e9ristiques de notre patron PDF le pantalon Bobo<\/h2>\n<p><strong>Patron PDF valeurs de couture incluses \u00e0 t\u00e9l\u00e9charger et \u00e0 imprimer : <\/strong>patron \u00e0 taille r\u00e9elle du 34 au 48 + <strong>guide de montage<\/strong><\/p>\n<p>Vous recevrez 5 fichiers par email d\u00e8s r\u00e9ception de votre paiement &#8211; <strong>Fichiers t\u00e9l\u00e9chargeables 3 fois pendant 30 jours &#8211; Attention, nous ne renvoyons pas les fichiers.<\/strong><\/p>\n<ul>\n<li><strong>le patron fran\u00e7ais &amp; anglais \u00e0 imprimer chez un imprimeur au format A0 ++ 841 x 1446<\/strong> (valeurs de couture incluses)<\/li>\n<li><strong>le patron fran\u00e7ais &amp; anglais \u00e0 imprimer chez vous au format A4<\/strong> (valeurs de couture incluses)<\/li>\n<li><strong>le patron fran\u00e7ais &amp; anglais \u00e0 imprimer chez vous au format LETTER<\/strong> (valeurs de couture incluses)<\/li>\n<li><strong>le guide de r\u00e9alisation en fran\u00e7ais<\/strong> \u00e0 imprimer recto verso bord court pour avoir un livret<\/li>\n<li><strong>le guide de r\u00e9alisation (production guide) en anglais<\/strong> \u00e0 imprimer recto verso bord court pour avoir un livret<\/li>\n<\/ul>\n<p><strong>Niveau de couture facile\u00a0<\/strong><\/p>\n<p><strong>Temps de r\u00e9alisation<\/strong> : 1h \u00e0 2h<\/p>\n<p><strong>Tissus conseill\u00e9s :<\/strong> lin lav\u00e9, gabardine, velours c\u00f4tel\u00e9, jean, viscose, soie. D\u00e9couvrez <strong>les tissus et les accessoires de mercerie<\/strong> pour coudre le pantalon Bobo dans la cat\u00e9gorie<a href=\"https:\/\/maisonessentielle.com\/index.php\/categorie-produit\/vestiaire-a-coudre\/kit-de-couture-adulte\/\"> <b>KITS DE COUTURE<\/b><\/a><b><\/b><\/p>\n<p><strong>Conseil taille pour coudre votre pantalon : <\/strong>le pantalon Bobo taille normalement, <em>Sabine (1,71m \/ 88-72-95), Cl\u00e9mence (1,60m \/ 85-71-86) et Val\u00e9rie (1,65m \/ 86-72-90) portent la taille 36 \u2013 <\/em><em>Johanna (1,69m \/90-82-99) porte la taille 38 \u2013 <\/em>Fred (1,65m \/ 127-116-126) porte la taille 48. <b>Consultez<a href=\"https:\/\/maisonessentielle.com\/index.php\/guide-des-tailles\/\"> notre guide des tailles<\/a> pour choisir la taille qui vous convient.<\/b><\/p>\n<p>&nbsp;<\/p>\n<h2>Coudre facilement le pantalon Bobo <a href=\"https:\/\/maisonessentielle.com\/index.php\/accueil\/videos-de-montage\/\">avec notre tuto couture et vid\u00e9o de montage<\/a><\/h2>\n<p><iframe title=\"YouTube video player\" src=\"https:\/\/www.youtube.com\/embed\/hParlMpY_08?si=DHQ43nP2gjuExOi-\" width=\"560\" height=\"315\" frameborder=\"0\" allowfullscreen=\"allowfullscreen\"><\/iframe><\/p>\n<p>&nbsp;<\/p>\n<h2><em><strong>ENGLISH VERSION<\/strong><\/em><\/h2>\n<h2>The Bobo: a casual, comfortable pair of basic trousers<\/h2>\n<p><strong>The Bobo is a beginner-level sewing pattern for making trousers with ease. The Bobo trousers are a wardrobe essential; they can be worn for any occasion depending on the fabric chosen, which gives them their style and character: in washed linen, gabardine or velvet for a casual look, or in silk or viscose for a more formal version.<\/strong><\/p>\n<p><strong>The pattern includes options for adding attractive finishing touches: belt loops, a faux fly, a back patch pocket, and lined pockets with a pocket opening.<\/strong><\/p>\n<p>If you\u2019re new to sewing, these trousers are perfect for you. Start by making them without pockets \u2013 it\u2019s a rewarding project to get you started. You can also experiment with the length: ankle-length or 7\/8 length with a wider hem.<\/p>\n<p>&nbsp;<\/p>\n<h2>Features of our Bobo <strong>pants\u00a0<\/strong>PDF pattern<\/h2>\n<p><strong>PDF pattern with seam allowances included, to download and print: full-size pattern from 34 to 48 + assembly guide<\/strong><\/p>\n<p>You will receive 5 files by email upon receipt of your payment &#8211; Files can be downloaded 3 times within 30 days &#8211; Please note that we do not resend files.<\/p>\n<ul>\n<li><strong>The French and English pattern to be printed at a printer in <\/strong><strong>A0 ++ format 841 x 1446<\/strong>\u00a0(seam allowances included)<\/li>\n<li><strong>The French and English pattern to be printed at home in A4 format<\/strong> (seam allowances included)<\/li>\n<li><strong>French &amp; English pattern to print at home in LETTER format<\/strong> (seam allowances included)<\/li>\n<li><strong>French instructions<\/strong> to print double-sided short edge to make a booklet<\/li>\n<li><strong>English instructions (production guide)<\/strong> to print double-sided short edge to make a booklet<\/li>\n<\/ul>\n<p><strong>Sewing level: easy<\/strong><\/p>\n<p><strong>Time to complete :<\/strong> 1h \u00e0 2h<\/p>\n<p><strong>Recommended fabrics :<\/strong> washed linen, gabardine, corduroy, denim, viscose, silk. Discover the fabrics and haberdashery supplies you need to sew the Bobo pants in <a href=\"https:\/\/maisonessentielle.com\/index.php\/categorie-produit\/vestiaire-a-coudre\/kit-de-couture-adulte\/\"><strong>the SEWING KITS category<\/strong><\/a><\/p>\n<p><strong>Size guide for sewing your trousers:<\/strong> the Bobo trousers are true to size. Sabine (1.71m \/ 88-72-95), Cl\u00e9mence (1.60m \/ 85-71-86) and Val\u00e9rie (1.65m \/ 86-72-90) wear size 36 \u2013 Johanna (1.69m \/ 90-82-99) wears size 38 \u2013 Fred (1.65m \/ 127-116-126) wears size 48. Please refer to <strong><a href=\"https:\/\/maisonessentielle.com\/index.php\/guide-des-tailles\/\">our size guide to choose the right size.<\/a><\/strong><\/p>\n<p>&nbsp;<\/p>\n","protected":false},"featured_media":62321,"comment_status":"open","ping_status":"closed","template":"","meta":{"_acf_changed":false,"site-sidebar-layout":"default","site-content-layout":"default","ast-site-content-layout":"default","site-content-style":"default","site-sidebar-style":"default","ast-global-header-display":"","ast-banner-title-visibility":"","ast-main-header-display":"","ast-hfb-above-header-display":"","ast-hfb-below-header-display":"","ast-hfb-mobile-header-display":"","site-post-title":"","ast-breadcrumbs-content":"","ast-featured-img":"","footer-sml-layout":"","ast-disable-related-posts":"","theme-transparent-header-meta":"default","adv-header-id-meta":"","stick-header-meta":"default","header-above-stick-meta":"","header-main-stick-meta":"","header-below-stick-meta":"","astra-migrate-meta-layouts":"set","ast-page-background-enabled":"default","ast-page-background-meta":{"desktop":{"background-color":"","background-image":"","background-repeat":"repeat","background-position":"center center","background-size":"auto","background-attachment":"scroll","background-type":"","background-media":"","overlay-type":"","overlay-color":"","overlay-opacity":"","overlay-gradient":""},"tablet":{"background-color":"","background-image":"","background-repeat":"repeat","background-position":"center center","background-size":"auto","background-attachment":"scroll","background-type":"","background-media":"","overlay-type":"","overlay-color":"","overlay-opacity":"","overlay-gradient":""},"mobile":{"background-color":"","background-image":"","background-repeat":"repeat","background-position":"center center","background-size":"auto","background-attachment":"scroll","background-type":"","background-media":"","overlay-type":"","overlay-color":"","overlay-opacity":"","overlay-gradient":""}},"ast-content-background-meta":{"desktop":{"background-color":"var(--ast-global-color-5)","background-image":"","background-repeat":"repeat","background-position":"center center","background-size":"auto","background-attachment":"scroll","background-type":"","background-media":"","overlay-type":"","overlay-color":"","overlay-opacity":"","overlay-gradient":""},"tablet":{"background-color":"var(--ast-global-color-5)","background-image":"","background-repeat":"repeat","background-position":"center center","background-size":"auto","background-attachment":"scroll","background-type":"","background-media":"","overlay-type":"","overlay-color":"","overlay-opacity":"","overlay-gradient":""},"mobile":{"background-color":"var(--ast-global-color-5)","background-image":"","background-repeat":"repeat","background-position":"center center","background-size":"auto","background-attachment":"scroll","background-type":"","background-media":"","overlay-type":"","overlay-color":"","overlay-opacity":"","overlay-gradient":""}}},"product_brand":[],"product_cat":[249],"product_tag":[],"class_list":{"0":"post-62289","1":"product","2":"type-product","3":"status-publish","4":"has-post-thumbnail","6":"product_cat-patrons-couture-pdf","7":"desktop-align-center","8":"tablet-align-center","9":"mobile-align-center","10":"ast-product-gallery-layout-horizontal","11":"ast-magnify-disabled","12":"ast-product-tabs-layout-horizontal","14":"first","15":"instock","16":"downloadable","17":"virtual","18":"taxable","19":"purchasable","20":"product-type-simple"},"acf":[],"yoast_head":"<!-- This site is optimized with the Yoast SEO plugin v27.3 - https:\/\/yoast.com\/product\/yoast-seo-wordpress\/ -->\n<title>Patron PDF le pantalon Bobo \/ PDF pattern the Bobo pants<\/title>\n<meta name=\"description\" content=\"Patron PDF \u00e0 t\u00e9l\u00e9charger et \u00e0 imprimer pour coudre facilement un pantalon large et droit, PDF pattern to download to sew a large and straight pant\" \/>\n<meta name=\"robots\" content=\"index, follow, max-snippet:-1, max-image-preview:large, max-video-preview:-1\" \/>\n<link rel=\"canonical\" href=\"https:\/\/maisonessentielle.com\/produit\/patron-le-pantalon-bobo-the-bobo-pants\/\" \/>\n<meta property=\"og:locale\" content=\"fr_FR\" \/>\n<meta property=\"og:type\" content=\"article\" \/>\n<meta property=\"og:title\" content=\"Patron PDF le pantalon Bobo \/ PDF pattern the Bobo pants\" \/>\n<meta property=\"og:description\" content=\"Patron PDF \u00e0 t\u00e9l\u00e9charger et \u00e0 imprimer pour coudre facilement un pantalon large et droit, PDF pattern to download to sew a large and straight pant\" \/>\n<meta property=\"og:url\" content=\"https:\/\/maisonessentielle.com\/produit\/patron-le-pantalon-bobo-the-bobo-pants\/\" \/>\n<meta property=\"og:site_name\" content=\"Maison Essentielle\" \/>\n<meta property=\"article:publisher\" content=\"https:\/\/www.facebook.com\/profile.php?id=61574309661771\" \/>\n<meta property=\"article:modified_time\" content=\"2026-04-03T10:27:55+00:00\" \/>\n<meta property=\"og:image\" content=\"https:\/\/maisonessentielle.com\/wp-content\/uploads\/2026\/04\/PDF-Bobo-1920-x-2560-px.jpg\" \/>\n\t<meta property=\"og:image:width\" content=\"1920\" \/>\n\t<meta property=\"og:image:height\" content=\"2560\" \/>\n\t<meta property=\"og:image:type\" content=\"image\/jpeg\" \/>\n<meta name=\"twitter:card\" content=\"summary_large_image\" \/>\n<meta name=\"twitter:label1\" content=\"Dur\u00e9e de lecture estim\u00e9e\" \/>\n\t<meta name=\"twitter:data1\" content=\"2 minutes\" \/>\n<script type=\"application\/ld+json\" class=\"yoast-schema-graph\">{\"@context\":\"https:\\\/\\\/schema.org\",\"@graph\":[{\"@type\":\"WebPage\",\"@id\":\"https:\\\/\\\/maisonessentielle.com\\\/produit\\\/patron-le-pantalon-bobo-the-bobo-pants\\\/\",\"url\":\"https:\\\/\\\/maisonessentielle.com\\\/produit\\\/patron-le-pantalon-bobo-the-bobo-pants\\\/\",\"name\":\"Patron PDF le pantalon Bobo \\\/ PDF pattern the Bobo pants\",\"isPartOf\":{\"@id\":\"https:\\\/\\\/maisonessentielle.com\\\/#website\"},\"primaryImageOfPage\":{\"@id\":\"https:\\\/\\\/maisonessentielle.com\\\/produit\\\/patron-le-pantalon-bobo-the-bobo-pants\\\/#primaryimage\"},\"image\":{\"@id\":\"https:\\\/\\\/maisonessentielle.com\\\/produit\\\/patron-le-pantalon-bobo-the-bobo-pants\\\/#primaryimage\"},\"thumbnailUrl\":\"https:\\\/\\\/maisonessentielle.com\\\/wp-content\\\/uploads\\\/2026\\\/04\\\/PDF-Bobo-1920-x-2560-px.jpg\",\"datePublished\":\"2026-04-02T08:59:54+00:00\",\"dateModified\":\"2026-04-03T10:27:55+00:00\",\"description\":\"Patron PDF \u00e0 t\u00e9l\u00e9charger et \u00e0 imprimer pour coudre facilement un pantalon large et droit, PDF pattern to download to sew a large and straight pant\",\"breadcrumb\":{\"@id\":\"https:\\\/\\\/maisonessentielle.com\\\/produit\\\/patron-le-pantalon-bobo-the-bobo-pants\\\/#breadcrumb\"},\"inLanguage\":\"fr-FR\",\"potentialAction\":[{\"@type\":\"ReadAction\",\"target\":[\"https:\\\/\\\/maisonessentielle.com\\\/produit\\\/patron-le-pantalon-bobo-the-bobo-pants\\\/\"]}]},{\"@type\":\"ImageObject\",\"inLanguage\":\"fr-FR\",\"@id\":\"https:\\\/\\\/maisonessentielle.com\\\/produit\\\/patron-le-pantalon-bobo-the-bobo-pants\\\/#primaryimage\",\"url\":\"https:\\\/\\\/maisonessentielle.com\\\/wp-content\\\/uploads\\\/2026\\\/04\\\/PDF-Bobo-1920-x-2560-px.jpg\",\"contentUrl\":\"https:\\\/\\\/maisonessentielle.com\\\/wp-content\\\/uploads\\\/2026\\\/04\\\/PDF-Bobo-1920-x-2560-px.jpg\",\"width\":1920,\"height\":2560},{\"@type\":\"BreadcrumbList\",\"@id\":\"https:\\\/\\\/maisonessentielle.com\\\/produit\\\/patron-le-pantalon-bobo-the-bobo-pants\\\/#breadcrumb\",\"itemListElement\":[{\"@type\":\"ListItem\",\"position\":1,\"name\":\"Accueil\",\"item\":\"https:\\\/\\\/maisonessentielle.com\\\/\"},{\"@type\":\"ListItem\",\"position\":2,\"name\":\"Produits Essentiels\",\"item\":\"https:\\\/\\\/maisonessentielle.com\\\/shop\\\/\"},{\"@type\":\"ListItem\",\"position\":3,\"name\":\"Patron le pantalon Bobo \\\/ the Bobo pants pattern &#8211; PDF\"}]},{\"@type\":\"WebSite\",\"@id\":\"https:\\\/\\\/maisonessentielle.com\\\/#website\",\"url\":\"https:\\\/\\\/maisonessentielle.com\\\/\",\"name\":\"Maison Essentielle\",\"description\":\"Vestiaire essentiel \u00e0 coudre ou \u00e0 porter\",\"publisher\":{\"@id\":\"https:\\\/\\\/maisonessentielle.com\\\/#organization\"},\"potentialAction\":[{\"@type\":\"SearchAction\",\"target\":{\"@type\":\"EntryPoint\",\"urlTemplate\":\"https:\\\/\\\/maisonessentielle.com\\\/?s={search_term_string}\"},\"query-input\":{\"@type\":\"PropertyValueSpecification\",\"valueRequired\":true,\"valueName\":\"search_term_string\"}}],\"inLanguage\":\"fr-FR\"},{\"@type\":\"Organization\",\"@id\":\"https:\\\/\\\/maisonessentielle.com\\\/#organization\",\"name\":\"Maison Essentielle\",\"url\":\"https:\\\/\\\/maisonessentielle.com\\\/\",\"logo\":{\"@type\":\"ImageObject\",\"inLanguage\":\"fr-FR\",\"@id\":\"https:\\\/\\\/maisonessentielle.com\\\/#\\\/schema\\\/logo\\\/image\\\/\",\"url\":\"https:\\\/\\\/maisonessentielle.com\\\/wp-content\\\/uploads\\\/2022\\\/03\\\/MAISON-ESSENTIELLE_LOGO_facture-min.png\",\"contentUrl\":\"https:\\\/\\\/maisonessentielle.com\\\/wp-content\\\/uploads\\\/2022\\\/03\\\/MAISON-ESSENTIELLE_LOGO_facture-min.png\",\"width\":400,\"height\":57,\"caption\":\"Maison Essentielle\"},\"image\":{\"@id\":\"https:\\\/\\\/maisonessentielle.com\\\/#\\\/schema\\\/logo\\\/image\\\/\"},\"sameAs\":[\"https:\\\/\\\/www.facebook.com\\\/profile.php?id=61574309661771\",\"https:\\\/\\\/www.instagram.com\\\/maison_essentielle_\\\/\"]}]}<\/script>\n<!-- \/ Yoast SEO plugin. -->","yoast_head_json":{"title":"Patron PDF le pantalon Bobo \/ PDF pattern the Bobo pants","description":"Patron PDF \u00e0 t\u00e9l\u00e9charger et \u00e0 imprimer pour coudre facilement un pantalon large et droit, PDF pattern to download to sew a large and straight pant","robots":{"index":"index","follow":"follow","max-snippet":"max-snippet:-1","max-image-preview":"max-image-preview:large","max-video-preview":"max-video-preview:-1"},"canonical":"https:\/\/maisonessentielle.com\/produit\/patron-le-pantalon-bobo-the-bobo-pants\/","og_locale":"fr_FR","og_type":"article","og_title":"Patron PDF le pantalon Bobo \/ PDF pattern the Bobo pants","og_description":"Patron PDF \u00e0 t\u00e9l\u00e9charger et \u00e0 imprimer pour coudre facilement un pantalon large et droit, PDF pattern to download to sew a large and straight pant","og_url":"https:\/\/maisonessentielle.com\/produit\/patron-le-pantalon-bobo-the-bobo-pants\/","og_site_name":"Maison Essentielle","article_publisher":"https:\/\/www.facebook.com\/profile.php?id=61574309661771","article_modified_time":"2026-04-03T10:27:55+00:00","og_image":[{"width":1920,"height":2560,"url":"https:\/\/maisonessentielle.com\/wp-content\/uploads\/2026\/04\/PDF-Bobo-1920-x-2560-px.jpg","type":"image\/jpeg"}],"twitter_card":"summary_large_image","twitter_misc":{"Dur\u00e9e de lecture estim\u00e9e":"2 minutes"},"schema":{"@context":"https:\/\/schema.org","@graph":[{"@type":"WebPage","@id":"https:\/\/maisonessentielle.com\/produit\/patron-le-pantalon-bobo-the-bobo-pants\/","url":"https:\/\/maisonessentielle.com\/produit\/patron-le-pantalon-bobo-the-bobo-pants\/","name":"Patron PDF le pantalon Bobo \/ PDF pattern the Bobo pants","isPartOf":{"@id":"https:\/\/maisonessentielle.com\/#website"},"primaryImageOfPage":{"@id":"https:\/\/maisonessentielle.com\/produit\/patron-le-pantalon-bobo-the-bobo-pants\/#primaryimage"},"image":{"@id":"https:\/\/maisonessentielle.com\/produit\/patron-le-pantalon-bobo-the-bobo-pants\/#primaryimage"},"thumbnailUrl":"https:\/\/maisonessentielle.com\/wp-content\/uploads\/2026\/04\/PDF-Bobo-1920-x-2560-px.jpg","datePublished":"2026-04-02T08:59:54+00:00","dateModified":"2026-04-03T10:27:55+00:00","description":"Patron PDF \u00e0 t\u00e9l\u00e9charger et \u00e0 imprimer pour coudre facilement un pantalon large et droit, PDF pattern to download to sew a large and straight pant","breadcrumb":{"@id":"https:\/\/maisonessentielle.com\/produit\/patron-le-pantalon-bobo-the-bobo-pants\/#breadcrumb"},"inLanguage":"fr-FR","potentialAction":[{"@type":"ReadAction","target":["https:\/\/maisonessentielle.com\/produit\/patron-le-pantalon-bobo-the-bobo-pants\/"]}]},{"@type":"ImageObject","inLanguage":"fr-FR","@id":"https:\/\/maisonessentielle.com\/produit\/patron-le-pantalon-bobo-the-bobo-pants\/#primaryimage","url":"https:\/\/maisonessentielle.com\/wp-content\/uploads\/2026\/04\/PDF-Bobo-1920-x-2560-px.jpg","contentUrl":"https:\/\/maisonessentielle.com\/wp-content\/uploads\/2026\/04\/PDF-Bobo-1920-x-2560-px.jpg","width":1920,"height":2560},{"@type":"BreadcrumbList","@id":"https:\/\/maisonessentielle.com\/produit\/patron-le-pantalon-bobo-the-bobo-pants\/#breadcrumb","itemListElement":[{"@type":"ListItem","position":1,"name":"Accueil","item":"https:\/\/maisonessentielle.com\/"},{"@type":"ListItem","position":2,"name":"Produits Essentiels","item":"https:\/\/maisonessentielle.com\/shop\/"},{"@type":"ListItem","position":3,"name":"Patron le pantalon Bobo \/ the Bobo pants pattern &#8211; PDF"}]},{"@type":"WebSite","@id":"https:\/\/maisonessentielle.com\/#website","url":"https:\/\/maisonessentielle.com\/","name":"Maison Essentielle","description":"Vestiaire essentiel \u00e0 coudre ou \u00e0 porter","publisher":{"@id":"https:\/\/maisonessentielle.com\/#organization"},"potentialAction":[{"@type":"SearchAction","target":{"@type":"EntryPoint","urlTemplate":"https:\/\/maisonessentielle.com\/?s={search_term_string}"},"query-input":{"@type":"PropertyValueSpecification","valueRequired":true,"valueName":"search_term_string"}}],"inLanguage":"fr-FR"},{"@type":"Organization","@id":"https:\/\/maisonessentielle.com\/#organization","name":"Maison Essentielle","url":"https:\/\/maisonessentielle.com\/","logo":{"@type":"ImageObject","inLanguage":"fr-FR","@id":"https:\/\/maisonessentielle.com\/#\/schema\/logo\/image\/","url":"https:\/\/maisonessentielle.com\/wp-content\/uploads\/2022\/03\/MAISON-ESSENTIELLE_LOGO_facture-min.png","contentUrl":"https:\/\/maisonessentielle.com\/wp-content\/uploads\/2022\/03\/MAISON-ESSENTIELLE_LOGO_facture-min.png","width":400,"height":57,"caption":"Maison Essentielle"},"image":{"@id":"https:\/\/maisonessentielle.com\/#\/schema\/logo\/image\/"},"sameAs":["https:\/\/www.facebook.com\/profile.php?id=61574309661771","https:\/\/www.instagram.com\/maison_essentielle_\/"]}]}},"_links":{"self":[{"href":"https:\/\/maisonessentielle.com\/wp-json\/wp\/v2\/product\/62289","targetHints":{"allow":["GET"]}}],"collection":[{"href":"https:\/\/maisonessentielle.com\/wp-json\/wp\/v2\/product"}],"about":[{"href":"https:\/\/maisonessentielle.com\/wp-json\/wp\/v2\/types\/product"}],"replies":[{"embeddable":true,"href":"https:\/\/maisonessentielle.com\/wp-json\/wp\/v2\/comments?post=62289"}],"version-history":[{"count":4,"href":"https:\/\/maisonessentielle.com\/wp-json\/wp\/v2\/product\/62289\/revisions"}],"predecessor-version":[{"id":62393,"href":"https:\/\/maisonessentielle.com\/wp-json\/wp\/v2\/product\/62289\/revisions\/62393"}],"wp:featuredmedia":[{"embeddable":true,"href":"https:\/\/maisonessentielle.com\/wp-json\/wp\/v2\/media\/62321"}],"wp:attachment":[{"href":"https:\/\/maisonessentielle.com\/wp-json\/wp\/v2\/media?parent=62289"}],"wp:term":[{"taxonomy":"product_brand","embeddable":true,"href":"https:\/\/maisonessentielle.com\/wp-json\/wp\/v2\/product_brand?post=62289"},{"taxonomy":"product_cat","embeddable":true,"href":"https:\/\/maisonessentielle.com\/wp-json\/wp\/v2\/product_cat?post=62289"},{"taxonomy":"product_tag","embeddable":true,"href":"https:\/\/maisonessentielle.com\/wp-json\/wp\/v2\/product_tag?post=62289"}],"curies":[{"name":"wp","href":"https:\/\/api.w.org\/{rel}","templated":true}]}}