{"id":52702,"date":"2025-08-24T07:30:41","date_gmt":"2025-08-24T05:30:41","guid":{"rendered":"https:\/\/maisonessentielle.com\/?post_type=product&#038;p=52702"},"modified":"2026-04-27T15:05:25","modified_gmt":"2026-04-27T13:05:25","slug":"le-fameux-pantalon-en-chambray-noisette-cousu","status":"publish","type":"product","link":"https:\/\/maisonessentielle.com\/produit\/le-fameux-pantalon-en-chambray-noisette-cousu\/","title":{"rendered":"Le Fameux pantalon en chambray noisette &#8211; cousu"},"content":{"rendered":"<p style=\"text-align: left;\"><strong>Choisissez votre taille en vous r\u00e9f\u00e9rent \u00e0 ce tableau de mensuration (mesure en cm)<\/strong><\/p>\n<table>\n<tbody>\n<tr>\n<td><strong>Taille<\/strong><\/td>\n<td><strong>32<\/strong><\/p>\n<p><strong>XXS<\/strong><\/td>\n<td><strong>34<\/strong><\/p>\n<p><strong>XS<\/strong><\/td>\n<td><strong>36<\/strong><\/p>\n<p><strong>S<\/strong><\/td>\n<td><strong>38<\/strong><\/td>\n<td><strong>40<\/strong><\/p>\n<p><strong>M<\/strong><\/td>\n<td><strong>42<\/strong><\/td>\n<td><strong>44<\/strong><\/p>\n<p><strong>L<\/strong><\/td>\n<td><strong>46<\/strong><\/td>\n<td><strong>48<\/strong><\/p>\n<p><strong>XL<\/strong><\/td>\n<\/tr>\n<tr>\n<td><strong>Tour de poitrine<\/strong><\/td>\n<td><span style=\"font-weight: 400;\">78<\/span><\/td>\n<td><span style=\"font-weight: 400;\">82<\/span><\/td>\n<td><span style=\"font-weight: 400;\">86<\/span><\/td>\n<td><span style=\"font-weight: 400;\">90<\/span><\/td>\n<td><span style=\"font-weight: 400;\">94<\/span><\/td>\n<td><span style=\"font-weight: 400;\">98<\/span><\/td>\n<td><span style=\"font-weight: 400;\">102<\/span><\/td>\n<td><span style=\"font-weight: 400;\">106<\/span><\/td>\n<td><span style=\"font-weight: 400;\">110<\/span><\/td>\n<\/tr>\n<tr>\n<td><strong>Tour de taille<\/strong><\/td>\n<td><span style=\"font-weight: 400;\">64<\/span><\/td>\n<td><span style=\"font-weight: 400;\">68<\/span><\/td>\n<td><span style=\"font-weight: 400;\">72<\/span><\/td>\n<td><span style=\"font-weight: 400;\">76<\/span><\/td>\n<td><span style=\"font-weight: 400;\">80<\/span><\/td>\n<td><span style=\"font-weight: 400;\">84<\/span><\/td>\n<td><span style=\"font-weight: 400;\">88<\/span><\/td>\n<td><span style=\"font-weight: 400;\">92<\/span><\/td>\n<td><span style=\"font-weight: 400;\">96<\/span><\/td>\n<\/tr>\n<tr>\n<td><strong>Tour de hanche<\/strong><\/td>\n<td><span style=\"font-weight: 400;\">84<\/span><\/td>\n<td><span style=\"font-weight: 400;\">88<\/span><\/td>\n<td><span style=\"font-weight: 400;\">92<\/span><\/td>\n<td><span style=\"font-weight: 400;\">96<\/span><\/td>\n<td><span style=\"font-weight: 400;\">100<\/span><\/td>\n<td><span style=\"font-weight: 400;\">104<\/span><\/td>\n<td><span style=\"font-weight: 400;\">108<\/span><\/td>\n<td><span style=\"font-weight: 400;\">112<\/span><\/td>\n<td><span style=\"font-weight: 400;\">116<\/span><\/td>\n<\/tr>\n<\/tbody>\n<\/table>\n<p style=\"text-align: center;\"><strong>Partagez nous vos vies en maison essentielle #lefameuxpantalon @maison_essentielle_<\/strong><\/p>\n<p style=\"text-align: center;\"><strong>D\u00e9couvrez aussi nos ateliers Couture\u00a0<a href=\"https:\/\/maisonessentielle.com\/index.php\/ateliers-couture\/\">ici<\/a> si vous \u00eates de la r\u00e9gion NORD<\/strong><\/p>\n","protected":false},"excerpt":{"rendered":"<p>&nbsp;<\/p>\n<p><strong>Le Fameux pantalon se d\u00e9cline en chambray noisette pour la rentr\u00e9e, un tissu ultra confortable avec une belle tenue, parfaitement adapt\u00e9 pour ce pantalon. A la fois casual, chic &amp; intemporel, il peut se porter avec toutes sortes de chaussures. Le Fameux pantalon a une coupe plut\u00f4t ajust\u00e9e et une taille \u00e9lastiqu\u00e9e.<\/strong><\/p>\n<p><b>Mati\u00e8re :<\/b> jean chambray noisette, <span style=\"font-weight: 400;\">100% coton<\/span> &#8211; <strong>Lavage <\/strong>en machine \u00e0 30\u00b0<\/p>\n<p><strong>Conseil taille : <span style=\"font-weight: 400;\">le Fameux pantalon se porte plut\u00f4t ajust\u00e9, Valerie <em>(1,65m \/ 85-71-90) porte la taille S (36).<\/em><\/span><\/strong><\/p>\n<p><strong>Confection fran\u00e7aise en stock &#8211; Exp\u00e9dition \u00e0 partir du 2 septembre 2025<\/strong><\/p>\n","protected":false},"featured_media":52514,"comment_status":"open","ping_status":"closed","template":"","meta":{"_acf_changed":false,"site-sidebar-layout":"default","site-content-layout":"default","ast-site-content-layout":"default","site-content-style":"default","site-sidebar-style":"default","ast-global-header-display":"","ast-banner-title-visibility":"","ast-main-header-display":"","ast-hfb-above-header-display":"","ast-hfb-below-header-display":"","ast-hfb-mobile-header-display":"","site-post-title":"","ast-breadcrumbs-content":"","ast-featured-img":"","footer-sml-layout":"","ast-disable-related-posts":"","theme-transparent-header-meta":"default","adv-header-id-meta":"","stick-header-meta":"default","header-above-stick-meta":"","header-main-stick-meta":"","header-below-stick-meta":"","astra-migrate-meta-layouts":"set","ast-page-background-enabled":"default","ast-page-background-meta":{"desktop":{"background-color":"","background-image":"","background-repeat":"repeat","background-position":"center center","background-size":"auto","background-attachment":"scroll","background-type":"","background-media":"","overlay-type":"","overlay-color":"","overlay-opacity":"","overlay-gradient":""},"tablet":{"background-color":"","background-image":"","background-repeat":"repeat","background-position":"center center","background-size":"auto","background-attachment":"scroll","background-type":"","background-media":"","overlay-type":"","overlay-color":"","overlay-opacity":"","overlay-gradient":""},"mobile":{"background-color":"","background-image":"","background-repeat":"repeat","background-position":"center center","background-size":"auto","background-attachment":"scroll","background-type":"","background-media":"","overlay-type":"","overlay-color":"","overlay-opacity":"","overlay-gradient":""}},"ast-content-background-meta":{"desktop":{"background-color":"var(--ast-global-color-5)","background-image":"","background-repeat":"repeat","background-position":"center center","background-size":"auto","background-attachment":"scroll","background-type":"","background-media":"","overlay-type":"","overlay-color":"","overlay-opacity":"","overlay-gradient":""},"tablet":{"background-color":"var(--ast-global-color-5)","background-image":"","background-repeat":"repeat","background-position":"center center","background-size":"auto","background-attachment":"scroll","background-type":"","background-media":"","overlay-type":"","overlay-color":"","overlay-opacity":"","overlay-gradient":""},"mobile":{"background-color":"var(--ast-global-color-5)","background-image":"","background-repeat":"repeat","background-position":"center center","background-size":"auto","background-attachment":"scroll","background-type":"","background-media":"","overlay-type":"","overlay-color":"","overlay-opacity":"","overlay-gradient":""}}},"product_brand":[],"product_cat":[418,391,215],"product_tag":[],"class_list":{"0":"post-52702","1":"product","2":"type-product","3":"status-publish","4":"has-post-thumbnail","6":"product_cat-last-chance","7":"product_cat-les-bas","8":"product_cat-vestiaire-cousu-en-france","9":"desktop-align-center","10":"tablet-align-center","11":"mobile-align-center","12":"ast-product-gallery-layout-horizontal","13":"ast-magnify-disabled","14":"ast-product-single-variable","15":"ast-product-tabs-layout-horizontal","17":"first","18":"instock","19":"sale","20":"taxable","21":"shipping-taxable","22":"purchasable","23":"product-type-variable"},"acf":[],"yoast_head":"<!-- This site is optimized with the Yoast SEO plugin v27.3 - https:\/\/yoast.com\/product\/yoast-seo-wordpress\/ -->\n<title>Pantalon droit \u00e0 la coupe ajust\u00e9e en jean chambray noisette<\/title>\n<meta name=\"robots\" content=\"index, follow, max-snippet:-1, max-image-preview:large, max-video-preview:-1\" \/>\n<link rel=\"canonical\" href=\"https:\/\/maisonessentielle.com\/produit\/le-fameux-pantalon-en-chambray-noisette-cousu\/\" \/>\n<meta property=\"og:locale\" content=\"fr_FR\" \/>\n<meta property=\"og:type\" content=\"article\" \/>\n<meta property=\"og:title\" content=\"Pantalon droit \u00e0 la coupe ajust\u00e9e en jean chambray noisette\" \/>\n<meta property=\"og:description\" content=\"&nbsp;  Le Fameux pantalon se d\u00e9cline en chambray noisette pour la rentr\u00e9e, un tissu ultra confortable avec une belle tenue, parfaitement adapt\u00e9 pour ce pantalon. A la fois casual, chic &amp; intemporel, il peut se porter avec toutes sortes de chaussures. Le Fameux pantalon a une coupe plut\u00f4t ajust\u00e9e et une taille \u00e9lastiqu\u00e9e.  Mati\u00e8re : jean chambray noisette, 100% coton - Lavage en machine \u00e0 30\u00b0  Conseil taille : le Fameux pantalon se porte plut\u00f4t ajust\u00e9, Valerie (1,65m \/ 85-71-90) porte la taille S (36).  Confection fran\u00e7aise en stock - Exp\u00e9dition \u00e0 partir du 2 septembre 2025\" \/>\n<meta property=\"og:url\" content=\"https:\/\/maisonessentielle.com\/produit\/le-fameux-pantalon-en-chambray-noisette-cousu\/\" \/>\n<meta property=\"og:site_name\" content=\"Maison Essentielle\" \/>\n<meta property=\"article:publisher\" content=\"https:\/\/www.facebook.com\/profile.php?id=61574309661771\" \/>\n<meta property=\"article:modified_time\" content=\"2026-04-27T13:05:25+00:00\" \/>\n<meta property=\"og:image\" content=\"https:\/\/maisonessentielle.com\/wp-content\/uploads\/2025\/07\/fameux-pantalon-en-chambray-beige-3-scaled.jpg\" \/>\n\t<meta property=\"og:image:width\" content=\"1920\" \/>\n\t<meta property=\"og:image:height\" content=\"2560\" \/>\n\t<meta property=\"og:image:type\" content=\"image\/jpeg\" \/>\n<meta name=\"twitter:card\" content=\"summary_large_image\" \/>\n<meta name=\"twitter:label1\" content=\"Dur\u00e9e de lecture estim\u00e9e\" \/>\n\t<meta name=\"twitter:data1\" content=\"1 minute\" \/>\n<script type=\"application\/ld+json\" class=\"yoast-schema-graph\">{\"@context\":\"https:\\\/\\\/schema.org\",\"@graph\":[{\"@type\":\"WebPage\",\"@id\":\"https:\\\/\\\/maisonessentielle.com\\\/produit\\\/le-fameux-pantalon-en-chambray-noisette-cousu\\\/\",\"url\":\"https:\\\/\\\/maisonessentielle.com\\\/produit\\\/le-fameux-pantalon-en-chambray-noisette-cousu\\\/\",\"name\":\"Pantalon droit \u00e0 la coupe ajust\u00e9e en jean chambray noisette\",\"isPartOf\":{\"@id\":\"https:\\\/\\\/maisonessentielle.com\\\/#website\"},\"primaryImageOfPage\":{\"@id\":\"https:\\\/\\\/maisonessentielle.com\\\/produit\\\/le-fameux-pantalon-en-chambray-noisette-cousu\\\/#primaryimage\"},\"image\":{\"@id\":\"https:\\\/\\\/maisonessentielle.com\\\/produit\\\/le-fameux-pantalon-en-chambray-noisette-cousu\\\/#primaryimage\"},\"thumbnailUrl\":\"https:\\\/\\\/maisonessentielle.com\\\/wp-content\\\/uploads\\\/2025\\\/07\\\/fameux-pantalon-en-chambray-beige-3-scaled.jpg\",\"datePublished\":\"2025-08-24T05:30:41+00:00\",\"dateModified\":\"2026-04-27T13:05:25+00:00\",\"breadcrumb\":{\"@id\":\"https:\\\/\\\/maisonessentielle.com\\\/produit\\\/le-fameux-pantalon-en-chambray-noisette-cousu\\\/#breadcrumb\"},\"inLanguage\":\"fr-FR\",\"potentialAction\":[{\"@type\":\"ReadAction\",\"target\":[\"https:\\\/\\\/maisonessentielle.com\\\/produit\\\/le-fameux-pantalon-en-chambray-noisette-cousu\\\/\"]}]},{\"@type\":\"ImageObject\",\"inLanguage\":\"fr-FR\",\"@id\":\"https:\\\/\\\/maisonessentielle.com\\\/produit\\\/le-fameux-pantalon-en-chambray-noisette-cousu\\\/#primaryimage\",\"url\":\"https:\\\/\\\/maisonessentielle.com\\\/wp-content\\\/uploads\\\/2025\\\/07\\\/fameux-pantalon-en-chambray-beige-3-scaled.jpg\",\"contentUrl\":\"https:\\\/\\\/maisonessentielle.com\\\/wp-content\\\/uploads\\\/2025\\\/07\\\/fameux-pantalon-en-chambray-beige-3-scaled.jpg\",\"width\":1920,\"height\":2560},{\"@type\":\"BreadcrumbList\",\"@id\":\"https:\\\/\\\/maisonessentielle.com\\\/produit\\\/le-fameux-pantalon-en-chambray-noisette-cousu\\\/#breadcrumb\",\"itemListElement\":[{\"@type\":\"ListItem\",\"position\":1,\"name\":\"Accueil\",\"item\":\"https:\\\/\\\/maisonessentielle.com\\\/\"},{\"@type\":\"ListItem\",\"position\":2,\"name\":\"Produits Essentiels\",\"item\":\"https:\\\/\\\/maisonessentielle.com\\\/shop\\\/\"},{\"@type\":\"ListItem\",\"position\":3,\"name\":\"Le Fameux pantalon en chambray noisette &#8211; cousu\"}]},{\"@type\":\"WebSite\",\"@id\":\"https:\\\/\\\/maisonessentielle.com\\\/#website\",\"url\":\"https:\\\/\\\/maisonessentielle.com\\\/\",\"name\":\"Maison Essentielle\",\"description\":\"Vestiaire essentiel \u00e0 coudre ou \u00e0 porter\",\"publisher\":{\"@id\":\"https:\\\/\\\/maisonessentielle.com\\\/#organization\"},\"potentialAction\":[{\"@type\":\"SearchAction\",\"target\":{\"@type\":\"EntryPoint\",\"urlTemplate\":\"https:\\\/\\\/maisonessentielle.com\\\/?s={search_term_string}\"},\"query-input\":{\"@type\":\"PropertyValueSpecification\",\"valueRequired\":true,\"valueName\":\"search_term_string\"}}],\"inLanguage\":\"fr-FR\"},{\"@type\":\"Organization\",\"@id\":\"https:\\\/\\\/maisonessentielle.com\\\/#organization\",\"name\":\"Maison Essentielle\",\"url\":\"https:\\\/\\\/maisonessentielle.com\\\/\",\"logo\":{\"@type\":\"ImageObject\",\"inLanguage\":\"fr-FR\",\"@id\":\"https:\\\/\\\/maisonessentielle.com\\\/#\\\/schema\\\/logo\\\/image\\\/\",\"url\":\"https:\\\/\\\/maisonessentielle.com\\\/wp-content\\\/uploads\\\/2022\\\/03\\\/MAISON-ESSENTIELLE_LOGO_facture-min.png\",\"contentUrl\":\"https:\\\/\\\/maisonessentielle.com\\\/wp-content\\\/uploads\\\/2022\\\/03\\\/MAISON-ESSENTIELLE_LOGO_facture-min.png\",\"width\":400,\"height\":57,\"caption\":\"Maison Essentielle\"},\"image\":{\"@id\":\"https:\\\/\\\/maisonessentielle.com\\\/#\\\/schema\\\/logo\\\/image\\\/\"},\"sameAs\":[\"https:\\\/\\\/www.facebook.com\\\/profile.php?id=61574309661771\",\"https:\\\/\\\/www.instagram.com\\\/maison_essentielle_\\\/\"]}]}<\/script>\n<!-- \/ Yoast SEO plugin. -->","yoast_head_json":{"title":"Pantalon droit \u00e0 la coupe ajust\u00e9e en jean chambray noisette","robots":{"index":"index","follow":"follow","max-snippet":"max-snippet:-1","max-image-preview":"max-image-preview:large","max-video-preview":"max-video-preview:-1"},"canonical":"https:\/\/maisonessentielle.com\/produit\/le-fameux-pantalon-en-chambray-noisette-cousu\/","og_locale":"fr_FR","og_type":"article","og_title":"Pantalon droit \u00e0 la coupe ajust\u00e9e en jean chambray noisette","og_description":"&nbsp;  Le Fameux pantalon se d\u00e9cline en chambray noisette pour la rentr\u00e9e, un tissu ultra confortable avec une belle tenue, parfaitement adapt\u00e9 pour ce pantalon. A la fois casual, chic &amp; intemporel, il peut se porter avec toutes sortes de chaussures. Le Fameux pantalon a une coupe plut\u00f4t ajust\u00e9e et une taille \u00e9lastiqu\u00e9e.  Mati\u00e8re : jean chambray noisette, 100% coton - Lavage en machine \u00e0 30\u00b0  Conseil taille : le Fameux pantalon se porte plut\u00f4t ajust\u00e9, Valerie (1,65m \/ 85-71-90) porte la taille S (36).  Confection fran\u00e7aise en stock - Exp\u00e9dition \u00e0 partir du 2 septembre 2025","og_url":"https:\/\/maisonessentielle.com\/produit\/le-fameux-pantalon-en-chambray-noisette-cousu\/","og_site_name":"Maison Essentielle","article_publisher":"https:\/\/www.facebook.com\/profile.php?id=61574309661771","article_modified_time":"2026-04-27T13:05:25+00:00","og_image":[{"width":1920,"height":2560,"url":"https:\/\/maisonessentielle.com\/wp-content\/uploads\/2025\/07\/fameux-pantalon-en-chambray-beige-3-scaled.jpg","type":"image\/jpeg"}],"twitter_card":"summary_large_image","twitter_misc":{"Dur\u00e9e de lecture estim\u00e9e":"1 minute"},"schema":{"@context":"https:\/\/schema.org","@graph":[{"@type":"WebPage","@id":"https:\/\/maisonessentielle.com\/produit\/le-fameux-pantalon-en-chambray-noisette-cousu\/","url":"https:\/\/maisonessentielle.com\/produit\/le-fameux-pantalon-en-chambray-noisette-cousu\/","name":"Pantalon droit \u00e0 la coupe ajust\u00e9e en jean chambray noisette","isPartOf":{"@id":"https:\/\/maisonessentielle.com\/#website"},"primaryImageOfPage":{"@id":"https:\/\/maisonessentielle.com\/produit\/le-fameux-pantalon-en-chambray-noisette-cousu\/#primaryimage"},"image":{"@id":"https:\/\/maisonessentielle.com\/produit\/le-fameux-pantalon-en-chambray-noisette-cousu\/#primaryimage"},"thumbnailUrl":"https:\/\/maisonessentielle.com\/wp-content\/uploads\/2025\/07\/fameux-pantalon-en-chambray-beige-3-scaled.jpg","datePublished":"2025-08-24T05:30:41+00:00","dateModified":"2026-04-27T13:05:25+00:00","breadcrumb":{"@id":"https:\/\/maisonessentielle.com\/produit\/le-fameux-pantalon-en-chambray-noisette-cousu\/#breadcrumb"},"inLanguage":"fr-FR","potentialAction":[{"@type":"ReadAction","target":["https:\/\/maisonessentielle.com\/produit\/le-fameux-pantalon-en-chambray-noisette-cousu\/"]}]},{"@type":"ImageObject","inLanguage":"fr-FR","@id":"https:\/\/maisonessentielle.com\/produit\/le-fameux-pantalon-en-chambray-noisette-cousu\/#primaryimage","url":"https:\/\/maisonessentielle.com\/wp-content\/uploads\/2025\/07\/fameux-pantalon-en-chambray-beige-3-scaled.jpg","contentUrl":"https:\/\/maisonessentielle.com\/wp-content\/uploads\/2025\/07\/fameux-pantalon-en-chambray-beige-3-scaled.jpg","width":1920,"height":2560},{"@type":"BreadcrumbList","@id":"https:\/\/maisonessentielle.com\/produit\/le-fameux-pantalon-en-chambray-noisette-cousu\/#breadcrumb","itemListElement":[{"@type":"ListItem","position":1,"name":"Accueil","item":"https:\/\/maisonessentielle.com\/"},{"@type":"ListItem","position":2,"name":"Produits Essentiels","item":"https:\/\/maisonessentielle.com\/shop\/"},{"@type":"ListItem","position":3,"name":"Le Fameux pantalon en chambray noisette &#8211; cousu"}]},{"@type":"WebSite","@id":"https:\/\/maisonessentielle.com\/#website","url":"https:\/\/maisonessentielle.com\/","name":"Maison Essentielle","description":"Vestiaire essentiel \u00e0 coudre ou \u00e0 porter","publisher":{"@id":"https:\/\/maisonessentielle.com\/#organization"},"potentialAction":[{"@type":"SearchAction","target":{"@type":"EntryPoint","urlTemplate":"https:\/\/maisonessentielle.com\/?s={search_term_string}"},"query-input":{"@type":"PropertyValueSpecification","valueRequired":true,"valueName":"search_term_string"}}],"inLanguage":"fr-FR"},{"@type":"Organization","@id":"https:\/\/maisonessentielle.com\/#organization","name":"Maison Essentielle","url":"https:\/\/maisonessentielle.com\/","logo":{"@type":"ImageObject","inLanguage":"fr-FR","@id":"https:\/\/maisonessentielle.com\/#\/schema\/logo\/image\/","url":"https:\/\/maisonessentielle.com\/wp-content\/uploads\/2022\/03\/MAISON-ESSENTIELLE_LOGO_facture-min.png","contentUrl":"https:\/\/maisonessentielle.com\/wp-content\/uploads\/2022\/03\/MAISON-ESSENTIELLE_LOGO_facture-min.png","width":400,"height":57,"caption":"Maison Essentielle"},"image":{"@id":"https:\/\/maisonessentielle.com\/#\/schema\/logo\/image\/"},"sameAs":["https:\/\/www.facebook.com\/profile.php?id=61574309661771","https:\/\/www.instagram.com\/maison_essentielle_\/"]}]}},"_links":{"self":[{"href":"https:\/\/maisonessentielle.com\/wp-json\/wp\/v2\/product\/52702","targetHints":{"allow":["GET"]}}],"collection":[{"href":"https:\/\/maisonessentielle.com\/wp-json\/wp\/v2\/product"}],"about":[{"href":"https:\/\/maisonessentielle.com\/wp-json\/wp\/v2\/types\/product"}],"replies":[{"embeddable":true,"href":"https:\/\/maisonessentielle.com\/wp-json\/wp\/v2\/comments?post=52702"}],"version-history":[{"count":8,"href":"https:\/\/maisonessentielle.com\/wp-json\/wp\/v2\/product\/52702\/revisions"}],"predecessor-version":[{"id":59981,"href":"https:\/\/maisonessentielle.com\/wp-json\/wp\/v2\/product\/52702\/revisions\/59981"}],"wp:featuredmedia":[{"embeddable":true,"href":"https:\/\/maisonessentielle.com\/wp-json\/wp\/v2\/media\/52514"}],"wp:attachment":[{"href":"https:\/\/maisonessentielle.com\/wp-json\/wp\/v2\/media?parent=52702"}],"wp:term":[{"taxonomy":"product_brand","embeddable":true,"href":"https:\/\/maisonessentielle.com\/wp-json\/wp\/v2\/product_brand?post=52702"},{"taxonomy":"product_cat","embeddable":true,"href":"https:\/\/maisonessentielle.com\/wp-json\/wp\/v2\/product_cat?post=52702"},{"taxonomy":"product_tag","embeddable":true,"href":"https:\/\/maisonessentielle.com\/wp-json\/wp\/v2\/product_tag?post=52702"}],"curies":[{"name":"wp","href":"https:\/\/api.w.org\/{rel}","templated":true}]}}