{"id":49161,"date":"2025-06-15T10:00:20","date_gmt":"2025-06-15T08:00:20","guid":{"rendered":"https:\/\/maisonessentielle.com\/?post_type=product&#038;p=49161"},"modified":"2026-04-02T10:37:11","modified_gmt":"2026-04-02T08:37:11","slug":"kit-a-coudre-caba-a-carreaux-violet-ecru","status":"publish","type":"product","link":"https:\/\/maisonessentielle.com\/produit\/kit-a-coudre-caba-a-carreaux-violet-ecru\/","title":{"rendered":"KIT \u00c0 COUDRE &#8211; Le CABA \u00e0 carreaux violet &#038; \u00e9cru"},"content":{"rendered":"<p style=\"text-align: center;\"><strong style=\"font-size: 16px; text-align: center;\">Partagez-nous votre cr\u00e9ation sur les r\u00e9seaux sociaux #lecaba @maison_essentielle_<\/strong><\/p>\n","protected":false},"excerpt":{"rendered":"<p>&nbsp;<\/p>\n<p><strong>Un CABA id\u00e9al pour les vacances gr\u00e2ce \u00e0 son grand format super pratique. L&rsquo;ext\u00e9rieur est en coton \u00e0 carreaux violet et \u00e9cru avec 2 pressions pour le refermer, l&rsquo;<span data-sheets-root=\"1\" data-sheets-value=\"{&quot;1&quot;:2,&quot;2&quot;:&quot;100% lin lav\u00e9 \/ int\u00e9rieur en coton enduit ecru&quot;}\" data-sheets-userformat=\"{&quot;2&quot;:7101,&quot;3&quot;:{&quot;1&quot;:0},&quot;5&quot;:{&quot;1&quot;:[{&quot;1&quot;:2,&quot;2&quot;:0,&quot;5&quot;:{&quot;1&quot;:2,&quot;2&quot;:0}},{&quot;1&quot;:0,&quot;2&quot;:0,&quot;3&quot;:3},{&quot;1&quot;:1,&quot;2&quot;:0,&quot;4&quot;:1}]},&quot;6&quot;:{&quot;1&quot;:[{&quot;1&quot;:2,&quot;2&quot;:0,&quot;5&quot;:{&quot;1&quot;:2,&quot;2&quot;:0}},{&quot;1&quot;:0,&quot;2&quot;:0,&quot;3&quot;:3},{&quot;1&quot;:1,&quot;2&quot;:0,&quot;4&quot;:1}]},&quot;7&quot;:{&quot;1&quot;:[{&quot;1&quot;:2,&quot;2&quot;:0,&quot;5&quot;:{&quot;1&quot;:2,&quot;2&quot;:0}},{&quot;1&quot;:0,&quot;2&quot;:0,&quot;3&quot;:3},{&quot;1&quot;:1,&quot;2&quot;:0,&quot;4&quot;:1}]},&quot;8&quot;:{&quot;1&quot;:[{&quot;1&quot;:2,&quot;2&quot;:0,&quot;5&quot;:{&quot;1&quot;:2,&quot;2&quot;:0}},{&quot;1&quot;:0,&quot;2&quot;:0,&quot;3&quot;:3},{&quot;1&quot;:1,&quot;2&quot;:0,&quot;4&quot;:1}]},&quot;10&quot;:1,&quot;11&quot;:4,&quot;12&quot;:0,&quot;14&quot;:{&quot;1&quot;:2,&quot;2&quot;:16711680},&quot;15&quot;:&quot;Raleway&quot;}\">int\u00e9rieur en coton enduit avec une poche zipp\u00e9e.<\/span><\/strong><\/p>\n<p><strong>Finition :<\/strong> 1 poche zipp\u00e9e int\u00e9rieure, 2 poches ext\u00e9rieures, 2 pressions cot\u00e9s et lavable en machine \u00e0 30 degr\u00e9s.<\/p>\n<p><strong>Format :<\/strong> 59 cm de large x 42 cm de hauteur x 15 cm de profondeur<\/p>\n<p><strong>Le kit est compos\u00e9 de :\u00a0<\/strong><\/p>\n<ul>\n<li>1.4m de tissu ext\u00e9rieur en coton \u00e0 carreaux violet &amp; \u00e9cru 100% coton \u2013 <strong>Lavage<\/strong>\u00a0en machine \u00e0 30\u00b0 \u2013\u00a0<strong>Retrait<\/strong>\u00a03% au 1er lavage<\/li>\n<li>0.85m de tissu int\u00e9rieur en coton enduit imperm\u00e9able 100% coton \/ Oekotex<\/li>\n<li>1 zip 20cm<\/li>\n<li>1.2m de sangle \u00e9crue largeur 4cm<\/li>\n<li>1 \u00e9tiquette Maison Essentielle<\/li>\n<li>2 pressions \u00e0 coudre marron<\/li>\n<li>1 guide avec les \u00e9tapes de montage<\/li>\n<\/ul>\n<p>&nbsp;<\/p>\n","protected":false},"featured_media":49039,"comment_status":"open","ping_status":"closed","template":"","meta":{"_acf_changed":false,"site-sidebar-layout":"default","site-content-layout":"","ast-site-content-layout":"default","site-content-style":"default","site-sidebar-style":"default","ast-global-header-display":"","ast-banner-title-visibility":"","ast-main-header-display":"","ast-hfb-above-header-display":"","ast-hfb-below-header-display":"","ast-hfb-mobile-header-display":"","site-post-title":"","ast-breadcrumbs-content":"","ast-featured-img":"","footer-sml-layout":"","ast-disable-related-posts":"","theme-transparent-header-meta":"default","adv-header-id-meta":"","stick-header-meta":"default","header-above-stick-meta":"","header-main-stick-meta":"","header-below-stick-meta":"","astra-migrate-meta-layouts":"set","ast-page-background-enabled":"default","ast-page-background-meta":{"desktop":{"background-color":"","background-image":"","background-repeat":"repeat","background-position":"center center","background-size":"auto","background-attachment":"scroll","background-type":"","background-media":"","overlay-type":"","overlay-color":"","overlay-opacity":"","overlay-gradient":""},"tablet":{"background-color":"","background-image":"","background-repeat":"repeat","background-position":"center center","background-size":"auto","background-attachment":"scroll","background-type":"","background-media":"","overlay-type":"","overlay-color":"","overlay-opacity":"","overlay-gradient":""},"mobile":{"background-color":"","background-image":"","background-repeat":"repeat","background-position":"center center","background-size":"auto","background-attachment":"scroll","background-type":"","background-media":"","overlay-type":"","overlay-color":"","overlay-opacity":"","overlay-gradient":""}},"ast-content-background-meta":{"desktop":{"background-color":"var(--ast-global-color-5)","background-image":"","background-repeat":"repeat","background-position":"center center","background-size":"auto","background-attachment":"scroll","background-type":"","background-media":"","overlay-type":"","overlay-color":"","overlay-opacity":"","overlay-gradient":""},"tablet":{"background-color":"var(--ast-global-color-5)","background-image":"","background-repeat":"repeat","background-position":"center center","background-size":"auto","background-attachment":"scroll","background-type":"","background-media":"","overlay-type":"","overlay-color":"","overlay-opacity":"","overlay-gradient":""},"mobile":{"background-color":"var(--ast-global-color-5)","background-image":"","background-repeat":"repeat","background-position":"center center","background-size":"auto","background-attachment":"scroll","background-type":"","background-media":"","overlay-type":"","overlay-color":"","overlay-opacity":"","overlay-gradient":""}}},"product_brand":[],"product_cat":[168,214],"product_tag":[],"class_list":{"0":"post-49161","1":"product","2":"type-product","3":"status-publish","4":"has-post-thumbnail","6":"product_cat-kit-de-couture-adulte","7":"product_cat-vestiaire-a-coudre","8":"desktop-align-center","9":"tablet-align-center","10":"mobile-align-center","11":"ast-product-gallery-layout-horizontal","12":"ast-magnify-disabled","13":"ast-product-tabs-layout-horizontal","15":"first","16":"outofstock","17":"taxable","18":"shipping-taxable","19":"purchasable","20":"product-type-simple"},"acf":[],"yoast_head":"<!-- This site is optimized with the Yoast SEO plugin v27.3 - https:\/\/yoast.com\/product\/yoast-seo-wordpress\/ -->\n<title>KIT \u00c0 COUDRE - Le CABA \u00e0 carreaux violet &amp; \u00e9cru &#8226; Maison Essentielle<\/title>\n<meta name=\"robots\" content=\"index, follow, max-snippet:-1, max-image-preview:large, max-video-preview:-1\" \/>\n<link rel=\"canonical\" href=\"https:\/\/maisonessentielle.com\/produit\/kit-a-coudre-caba-a-carreaux-violet-ecru\/\" \/>\n<meta property=\"og:locale\" content=\"fr_FR\" \/>\n<meta property=\"og:type\" content=\"article\" \/>\n<meta property=\"og:title\" content=\"KIT \u00c0 COUDRE - Le CABA \u00e0 carreaux violet &amp; \u00e9cru &#8226; Maison Essentielle\" \/>\n<meta property=\"og:description\" content=\"&nbsp;  Un CABA id\u00e9al pour les vacances gr\u00e2ce \u00e0 son grand format super pratique. L&#039;ext\u00e9rieur est en coton \u00e0 carreaux violet et \u00e9cru avec 2 pressions pour le refermer, l&#039;int\u00e9rieur en coton enduit avec une poche zipp\u00e9e.  Finition : 1 poche zipp\u00e9e int\u00e9rieure, 2 poches ext\u00e9rieures, 2 pressions cot\u00e9s et lavable en machine \u00e0 30 degr\u00e9s.  Format : 59 cm de large x 42 cm de hauteur x 15 cm de profondeur  Le kit est compos\u00e9 de :\u00a0   1.4m de tissu ext\u00e9rieur en coton \u00e0 carreaux violet &amp; \u00e9cru 100% coton \u2013 Lavage\u00a0en machine \u00e0 30\u00b0 \u2013\u00a0Retrait\u00a03% au 1er lavage  0.85m de tissu int\u00e9rieur en coton enduit imperm\u00e9able 100% coton \/ Oekotex  1 zip 20cm  1.2m de sangle \u00e9crue largeur 4cm  1 \u00e9tiquette Maison Essentielle  2 pressions \u00e0 coudre marron  1 guide avec les \u00e9tapes de montage  &nbsp;\" \/>\n<meta property=\"og:url\" content=\"https:\/\/maisonessentielle.com\/produit\/kit-a-coudre-caba-a-carreaux-violet-ecru\/\" \/>\n<meta property=\"og:site_name\" content=\"Maison Essentielle\" \/>\n<meta property=\"article:publisher\" content=\"https:\/\/www.facebook.com\/profile.php?id=61574309661771\" \/>\n<meta property=\"article:modified_time\" content=\"2026-04-02T08:37:11+00:00\" \/>\n<meta property=\"og:image\" content=\"https:\/\/maisonessentielle.com\/wp-content\/uploads\/2025\/04\/CABA-a-carreaux-violet-3-scaled.jpg\" \/>\n\t<meta property=\"og:image:width\" content=\"1707\" \/>\n\t<meta property=\"og:image:height\" content=\"2560\" \/>\n\t<meta property=\"og:image:type\" content=\"image\/jpeg\" \/>\n<meta name=\"twitter:card\" content=\"summary_large_image\" \/>\n<meta name=\"twitter:label1\" content=\"Dur\u00e9e de lecture estim\u00e9e\" \/>\n\t<meta name=\"twitter:data1\" content=\"1 minute\" \/>\n<script type=\"application\/ld+json\" class=\"yoast-schema-graph\">{\"@context\":\"https:\\\/\\\/schema.org\",\"@graph\":[{\"@type\":\"WebPage\",\"@id\":\"https:\\\/\\\/maisonessentielle.com\\\/produit\\\/kit-a-coudre-caba-a-carreaux-violet-ecru\\\/\",\"url\":\"https:\\\/\\\/maisonessentielle.com\\\/produit\\\/kit-a-coudre-caba-a-carreaux-violet-ecru\\\/\",\"name\":\"KIT \u00c0 COUDRE - Le CABA \u00e0 carreaux violet & \u00e9cru &#8226; Maison Essentielle\",\"isPartOf\":{\"@id\":\"https:\\\/\\\/maisonessentielle.com\\\/#website\"},\"primaryImageOfPage\":{\"@id\":\"https:\\\/\\\/maisonessentielle.com\\\/produit\\\/kit-a-coudre-caba-a-carreaux-violet-ecru\\\/#primaryimage\"},\"image\":{\"@id\":\"https:\\\/\\\/maisonessentielle.com\\\/produit\\\/kit-a-coudre-caba-a-carreaux-violet-ecru\\\/#primaryimage\"},\"thumbnailUrl\":\"https:\\\/\\\/maisonessentielle.com\\\/wp-content\\\/uploads\\\/2025\\\/04\\\/CABA-a-carreaux-violet-3-scaled.jpg\",\"datePublished\":\"2025-06-15T08:00:20+00:00\",\"dateModified\":\"2026-04-02T08:37:11+00:00\",\"breadcrumb\":{\"@id\":\"https:\\\/\\\/maisonessentielle.com\\\/produit\\\/kit-a-coudre-caba-a-carreaux-violet-ecru\\\/#breadcrumb\"},\"inLanguage\":\"fr-FR\",\"potentialAction\":[{\"@type\":\"ReadAction\",\"target\":[\"https:\\\/\\\/maisonessentielle.com\\\/produit\\\/kit-a-coudre-caba-a-carreaux-violet-ecru\\\/\"]}]},{\"@type\":\"ImageObject\",\"inLanguage\":\"fr-FR\",\"@id\":\"https:\\\/\\\/maisonessentielle.com\\\/produit\\\/kit-a-coudre-caba-a-carreaux-violet-ecru\\\/#primaryimage\",\"url\":\"https:\\\/\\\/maisonessentielle.com\\\/wp-content\\\/uploads\\\/2025\\\/04\\\/CABA-a-carreaux-violet-3-scaled.jpg\",\"contentUrl\":\"https:\\\/\\\/maisonessentielle.com\\\/wp-content\\\/uploads\\\/2025\\\/04\\\/CABA-a-carreaux-violet-3-scaled.jpg\",\"width\":1707,\"height\":2560},{\"@type\":\"BreadcrumbList\",\"@id\":\"https:\\\/\\\/maisonessentielle.com\\\/produit\\\/kit-a-coudre-caba-a-carreaux-violet-ecru\\\/#breadcrumb\",\"itemListElement\":[{\"@type\":\"ListItem\",\"position\":1,\"name\":\"Accueil\",\"item\":\"https:\\\/\\\/maisonessentielle.com\\\/\"},{\"@type\":\"ListItem\",\"position\":2,\"name\":\"Produits Essentiels\",\"item\":\"https:\\\/\\\/maisonessentielle.com\\\/shop\\\/\"},{\"@type\":\"ListItem\",\"position\":3,\"name\":\"KIT \u00c0 COUDRE &#8211; Le CABA \u00e0 carreaux violet &#038; \u00e9cru\"}]},{\"@type\":\"WebSite\",\"@id\":\"https:\\\/\\\/maisonessentielle.com\\\/#website\",\"url\":\"https:\\\/\\\/maisonessentielle.com\\\/\",\"name\":\"Maison Essentielle\",\"description\":\"Vestiaire essentiel \u00e0 coudre ou \u00e0 porter\",\"publisher\":{\"@id\":\"https:\\\/\\\/maisonessentielle.com\\\/#organization\"},\"potentialAction\":[{\"@type\":\"SearchAction\",\"target\":{\"@type\":\"EntryPoint\",\"urlTemplate\":\"https:\\\/\\\/maisonessentielle.com\\\/?s={search_term_string}\"},\"query-input\":{\"@type\":\"PropertyValueSpecification\",\"valueRequired\":true,\"valueName\":\"search_term_string\"}}],\"inLanguage\":\"fr-FR\"},{\"@type\":\"Organization\",\"@id\":\"https:\\\/\\\/maisonessentielle.com\\\/#organization\",\"name\":\"Maison Essentielle\",\"url\":\"https:\\\/\\\/maisonessentielle.com\\\/\",\"logo\":{\"@type\":\"ImageObject\",\"inLanguage\":\"fr-FR\",\"@id\":\"https:\\\/\\\/maisonessentielle.com\\\/#\\\/schema\\\/logo\\\/image\\\/\",\"url\":\"https:\\\/\\\/maisonessentielle.com\\\/wp-content\\\/uploads\\\/2022\\\/03\\\/MAISON-ESSENTIELLE_LOGO_facture-min.png\",\"contentUrl\":\"https:\\\/\\\/maisonessentielle.com\\\/wp-content\\\/uploads\\\/2022\\\/03\\\/MAISON-ESSENTIELLE_LOGO_facture-min.png\",\"width\":400,\"height\":57,\"caption\":\"Maison Essentielle\"},\"image\":{\"@id\":\"https:\\\/\\\/maisonessentielle.com\\\/#\\\/schema\\\/logo\\\/image\\\/\"},\"sameAs\":[\"https:\\\/\\\/www.facebook.com\\\/profile.php?id=61574309661771\",\"https:\\\/\\\/www.instagram.com\\\/maison_essentielle_\\\/\"]}]}<\/script>\n<!-- \/ Yoast SEO plugin. -->","yoast_head_json":{"title":"KIT \u00c0 COUDRE - Le CABA \u00e0 carreaux violet & \u00e9cru &#8226; Maison Essentielle","robots":{"index":"index","follow":"follow","max-snippet":"max-snippet:-1","max-image-preview":"max-image-preview:large","max-video-preview":"max-video-preview:-1"},"canonical":"https:\/\/maisonessentielle.com\/produit\/kit-a-coudre-caba-a-carreaux-violet-ecru\/","og_locale":"fr_FR","og_type":"article","og_title":"KIT \u00c0 COUDRE - Le CABA \u00e0 carreaux violet & \u00e9cru &#8226; Maison Essentielle","og_description":"&nbsp;  Un CABA id\u00e9al pour les vacances gr\u00e2ce \u00e0 son grand format super pratique. L'ext\u00e9rieur est en coton \u00e0 carreaux violet et \u00e9cru avec 2 pressions pour le refermer, l'int\u00e9rieur en coton enduit avec une poche zipp\u00e9e.  Finition : 1 poche zipp\u00e9e int\u00e9rieure, 2 poches ext\u00e9rieures, 2 pressions cot\u00e9s et lavable en machine \u00e0 30 degr\u00e9s.  Format : 59 cm de large x 42 cm de hauteur x 15 cm de profondeur  Le kit est compos\u00e9 de :\u00a0   1.4m de tissu ext\u00e9rieur en coton \u00e0 carreaux violet &amp; \u00e9cru 100% coton \u2013 Lavage\u00a0en machine \u00e0 30\u00b0 \u2013\u00a0Retrait\u00a03% au 1er lavage  0.85m de tissu int\u00e9rieur en coton enduit imperm\u00e9able 100% coton \/ Oekotex  1 zip 20cm  1.2m de sangle \u00e9crue largeur 4cm  1 \u00e9tiquette Maison Essentielle  2 pressions \u00e0 coudre marron  1 guide avec les \u00e9tapes de montage  &nbsp;","og_url":"https:\/\/maisonessentielle.com\/produit\/kit-a-coudre-caba-a-carreaux-violet-ecru\/","og_site_name":"Maison Essentielle","article_publisher":"https:\/\/www.facebook.com\/profile.php?id=61574309661771","article_modified_time":"2026-04-02T08:37:11+00:00","og_image":[{"width":1707,"height":2560,"url":"https:\/\/maisonessentielle.com\/wp-content\/uploads\/2025\/04\/CABA-a-carreaux-violet-3-scaled.jpg","type":"image\/jpeg"}],"twitter_card":"summary_large_image","twitter_misc":{"Dur\u00e9e de lecture estim\u00e9e":"1 minute"},"schema":{"@context":"https:\/\/schema.org","@graph":[{"@type":"WebPage","@id":"https:\/\/maisonessentielle.com\/produit\/kit-a-coudre-caba-a-carreaux-violet-ecru\/","url":"https:\/\/maisonessentielle.com\/produit\/kit-a-coudre-caba-a-carreaux-violet-ecru\/","name":"KIT \u00c0 COUDRE - Le CABA \u00e0 carreaux violet & \u00e9cru &#8226; Maison Essentielle","isPartOf":{"@id":"https:\/\/maisonessentielle.com\/#website"},"primaryImageOfPage":{"@id":"https:\/\/maisonessentielle.com\/produit\/kit-a-coudre-caba-a-carreaux-violet-ecru\/#primaryimage"},"image":{"@id":"https:\/\/maisonessentielle.com\/produit\/kit-a-coudre-caba-a-carreaux-violet-ecru\/#primaryimage"},"thumbnailUrl":"https:\/\/maisonessentielle.com\/wp-content\/uploads\/2025\/04\/CABA-a-carreaux-violet-3-scaled.jpg","datePublished":"2025-06-15T08:00:20+00:00","dateModified":"2026-04-02T08:37:11+00:00","breadcrumb":{"@id":"https:\/\/maisonessentielle.com\/produit\/kit-a-coudre-caba-a-carreaux-violet-ecru\/#breadcrumb"},"inLanguage":"fr-FR","potentialAction":[{"@type":"ReadAction","target":["https:\/\/maisonessentielle.com\/produit\/kit-a-coudre-caba-a-carreaux-violet-ecru\/"]}]},{"@type":"ImageObject","inLanguage":"fr-FR","@id":"https:\/\/maisonessentielle.com\/produit\/kit-a-coudre-caba-a-carreaux-violet-ecru\/#primaryimage","url":"https:\/\/maisonessentielle.com\/wp-content\/uploads\/2025\/04\/CABA-a-carreaux-violet-3-scaled.jpg","contentUrl":"https:\/\/maisonessentielle.com\/wp-content\/uploads\/2025\/04\/CABA-a-carreaux-violet-3-scaled.jpg","width":1707,"height":2560},{"@type":"BreadcrumbList","@id":"https:\/\/maisonessentielle.com\/produit\/kit-a-coudre-caba-a-carreaux-violet-ecru\/#breadcrumb","itemListElement":[{"@type":"ListItem","position":1,"name":"Accueil","item":"https:\/\/maisonessentielle.com\/"},{"@type":"ListItem","position":2,"name":"Produits Essentiels","item":"https:\/\/maisonessentielle.com\/shop\/"},{"@type":"ListItem","position":3,"name":"KIT \u00c0 COUDRE &#8211; Le CABA \u00e0 carreaux violet &#038; \u00e9cru"}]},{"@type":"WebSite","@id":"https:\/\/maisonessentielle.com\/#website","url":"https:\/\/maisonessentielle.com\/","name":"Maison Essentielle","description":"Vestiaire essentiel \u00e0 coudre ou \u00e0 porter","publisher":{"@id":"https:\/\/maisonessentielle.com\/#organization"},"potentialAction":[{"@type":"SearchAction","target":{"@type":"EntryPoint","urlTemplate":"https:\/\/maisonessentielle.com\/?s={search_term_string}"},"query-input":{"@type":"PropertyValueSpecification","valueRequired":true,"valueName":"search_term_string"}}],"inLanguage":"fr-FR"},{"@type":"Organization","@id":"https:\/\/maisonessentielle.com\/#organization","name":"Maison Essentielle","url":"https:\/\/maisonessentielle.com\/","logo":{"@type":"ImageObject","inLanguage":"fr-FR","@id":"https:\/\/maisonessentielle.com\/#\/schema\/logo\/image\/","url":"https:\/\/maisonessentielle.com\/wp-content\/uploads\/2022\/03\/MAISON-ESSENTIELLE_LOGO_facture-min.png","contentUrl":"https:\/\/maisonessentielle.com\/wp-content\/uploads\/2022\/03\/MAISON-ESSENTIELLE_LOGO_facture-min.png","width":400,"height":57,"caption":"Maison Essentielle"},"image":{"@id":"https:\/\/maisonessentielle.com\/#\/schema\/logo\/image\/"},"sameAs":["https:\/\/www.facebook.com\/profile.php?id=61574309661771","https:\/\/www.instagram.com\/maison_essentielle_\/"]}]}},"_links":{"self":[{"href":"https:\/\/maisonessentielle.com\/wp-json\/wp\/v2\/product\/49161","targetHints":{"allow":["GET"]}}],"collection":[{"href":"https:\/\/maisonessentielle.com\/wp-json\/wp\/v2\/product"}],"about":[{"href":"https:\/\/maisonessentielle.com\/wp-json\/wp\/v2\/types\/product"}],"replies":[{"embeddable":true,"href":"https:\/\/maisonessentielle.com\/wp-json\/wp\/v2\/comments?post=49161"}],"version-history":[{"count":4,"href":"https:\/\/maisonessentielle.com\/wp-json\/wp\/v2\/product\/49161\/revisions"}],"predecessor-version":[{"id":51620,"href":"https:\/\/maisonessentielle.com\/wp-json\/wp\/v2\/product\/49161\/revisions\/51620"}],"wp:featuredmedia":[{"embeddable":true,"href":"https:\/\/maisonessentielle.com\/wp-json\/wp\/v2\/media\/49039"}],"wp:attachment":[{"href":"https:\/\/maisonessentielle.com\/wp-json\/wp\/v2\/media?parent=49161"}],"wp:term":[{"taxonomy":"product_brand","embeddable":true,"href":"https:\/\/maisonessentielle.com\/wp-json\/wp\/v2\/product_brand?post=49161"},{"taxonomy":"product_cat","embeddable":true,"href":"https:\/\/maisonessentielle.com\/wp-json\/wp\/v2\/product_cat?post=49161"},{"taxonomy":"product_tag","embeddable":true,"href":"https:\/\/maisonessentielle.com\/wp-json\/wp\/v2\/product_tag?post=49161"}],"curies":[{"name":"wp","href":"https:\/\/api.w.org\/{rel}","templated":true}]}}