{"id":47858,"date":"2025-03-30T06:30:59","date_gmt":"2025-03-30T04:30:59","guid":{"rendered":"https:\/\/maisonessentielle.com\/?post_type=product&#038;p=47858"},"modified":"2026-04-09T15:18:33","modified_gmt":"2026-04-09T13:18:33","slug":"la-blouse-simple-manches-longues-en-dentelle-lin-viscose-kaki-cousue","status":"publish","type":"product","link":"https:\/\/maisonessentielle.com\/produit\/la-blouse-simple-manches-longues-en-dentelle-lin-viscose-kaki-cousue\/","title":{"rendered":"La blouse Simple manches longues en broderie lin viscose kaki &#8211; cousue"},"content":{"rendered":"<p><strong>Choisissez votre taille en vous r\u00e9f\u00e9rent \u00e0 ce tableau de mensuration (mesure en cm &#8211; stature 1,65m)<\/strong><\/p>\n<table>\n<tbody>\n<tr>\n<td><b>Taille<\/b><\/td>\n<td><b>XS<\/b><\/td>\n<td><b>S<\/b><\/td>\n<td><b>M<\/b><\/td>\n<td><b>L<\/b><\/td>\n<td><b>XL<\/b><\/td>\n<\/tr>\n<tr>\n<td><b>Tour de poitrine<\/b><\/td>\n<td><span style=\"font-weight: 400;\">78-82<\/span><\/td>\n<td><span style=\"font-weight: 400;\">82-86<\/span><\/td>\n<td><span style=\"font-weight: 400;\">86-94<\/span><\/td>\n<td><span style=\"font-weight: 400;\">94-102<\/span><\/td>\n<td><span style=\"font-weight: 400;\">102-110<\/span><\/td>\n<\/tr>\n<tr>\n<td><b>Tour de taille<\/b><\/td>\n<td><span style=\"font-weight: 400;\">64-68<\/span><\/td>\n<td><span style=\"font-weight: 400;\">68-72<\/span><\/td>\n<td><span style=\"font-weight: 400;\">72-80<\/span><\/td>\n<td><span style=\"font-weight: 400;\">80-88<\/span><\/td>\n<td><span style=\"font-weight: 400;\">88-96<\/span><\/td>\n<\/tr>\n<tr>\n<td><b>Tour de hanches<\/b><\/td>\n<td><span style=\"font-weight: 400;\">84-88<\/span><\/td>\n<td><span style=\"font-weight: 400;\">88-92<\/span><\/td>\n<td><span style=\"font-weight: 400;\">92-100<\/span><\/td>\n<td><span style=\"font-weight: 400;\">100-108<\/span><\/td>\n<td><span style=\"font-weight: 400;\">108-116<\/span><\/td>\n<\/tr>\n<\/tbody>\n<\/table>\n<p>&nbsp;<\/p>\n<p style=\"text-align: center;\"><strong>Partagez nous vos vies en maison essentielle sur les r\u00e9seaux sociaux #lablousesimple @maison_essentielle_<\/strong><\/p>\n<div class=\"woocommerce-tabs wc-tabs-wrapper\">\n<div id=\"tab-description\" class=\"woocommerce-Tabs-panel woocommerce-Tabs-panel--description panel entry-content wc-tab\" style=\"text-align: center;\" role=\"tabpanel\" aria-labelledby=\"tab-title-description\"><\/div>\n<\/div>\n","protected":false},"excerpt":{"rendered":"<p><strong>Un basique \u00e0 porter avec toutes vos tenues, le type de haut qui remplace un tee-shirt avec plus de f\u00e9minit\u00e9 et de caract\u00e8re. La blouse Simple est \u00e0 la fois f\u00e9minine et d\u00e9contract\u00e9e avec ses manches basses et sa jolie encolure. En version manches longues, sa coupe minimaliste accompagnera toutes les tenues de printemps.<\/strong><\/p>\n<p><strong>Mati\u00e8re :<\/strong> tr\u00e8s belle broderie en lin viscose kaki, <span style=\"font-weight: 400;\">25% lin\/52% viscose\/23% polyester <\/span>&#8211; <strong>Lavage<\/strong> en machine \u00e0 30\u00b0<\/p>\n<p><strong>Conseil taille :<\/strong> La blouse Simple taille normalement. <em>Val\u00e9rie (1,65 m \/ 85-72-92) porte la taille S.<\/em><\/p>\n<p><strong>Confection fran\u00e7aise<\/strong><\/p>\n","protected":false},"featured_media":47554,"comment_status":"open","ping_status":"closed","template":"","meta":{"_acf_changed":false,"site-sidebar-layout":"default","site-content-layout":"default","ast-site-content-layout":"default","site-content-style":"default","site-sidebar-style":"default","ast-global-header-display":"","ast-banner-title-visibility":"","ast-main-header-display":"","ast-hfb-above-header-display":"","ast-hfb-below-header-display":"","ast-hfb-mobile-header-display":"","site-post-title":"","ast-breadcrumbs-content":"","ast-featured-img":"","footer-sml-layout":"","ast-disable-related-posts":"","theme-transparent-header-meta":"default","adv-header-id-meta":"","stick-header-meta":"default","header-above-stick-meta":"","header-main-stick-meta":"","header-below-stick-meta":"","astra-migrate-meta-layouts":"set","ast-page-background-enabled":"default","ast-page-background-meta":{"desktop":{"background-color":"","background-image":"","background-repeat":"repeat","background-position":"center center","background-size":"auto","background-attachment":"scroll","background-type":"","background-media":"","overlay-type":"","overlay-color":"","overlay-opacity":"","overlay-gradient":""},"tablet":{"background-color":"","background-image":"","background-repeat":"repeat","background-position":"center center","background-size":"auto","background-attachment":"scroll","background-type":"","background-media":"","overlay-type":"","overlay-color":"","overlay-opacity":"","overlay-gradient":""},"mobile":{"background-color":"","background-image":"","background-repeat":"repeat","background-position":"center center","background-size":"auto","background-attachment":"scroll","background-type":"","background-media":"","overlay-type":"","overlay-color":"","overlay-opacity":"","overlay-gradient":""}},"ast-content-background-meta":{"desktop":{"background-color":"var(--ast-global-color-5)","background-image":"","background-repeat":"repeat","background-position":"center center","background-size":"auto","background-attachment":"scroll","background-type":"","background-media":"","overlay-type":"","overlay-color":"","overlay-opacity":"","overlay-gradient":""},"tablet":{"background-color":"var(--ast-global-color-5)","background-image":"","background-repeat":"repeat","background-position":"center center","background-size":"auto","background-attachment":"scroll","background-type":"","background-media":"","overlay-type":"","overlay-color":"","overlay-opacity":"","overlay-gradient":""},"mobile":{"background-color":"var(--ast-global-color-5)","background-image":"","background-repeat":"repeat","background-position":"center center","background-size":"auto","background-attachment":"scroll","background-type":"","background-media":"","overlay-type":"","overlay-color":"","overlay-opacity":"","overlay-gradient":""}}},"product_brand":[],"product_cat":[390,215],"product_tag":[],"class_list":{"0":"post-47858","1":"product","2":"type-product","3":"status-publish","4":"has-post-thumbnail","6":"product_cat-les-hauts","7":"product_cat-vestiaire-cousu-en-france","8":"desktop-align-center","9":"tablet-align-center","10":"mobile-align-center","11":"ast-product-gallery-layout-horizontal","12":"ast-magnify-disabled","13":"ast-product-single-variable","14":"ast-product-tabs-layout-horizontal","16":"first","17":"instock","18":"taxable","19":"shipping-taxable","20":"purchasable","21":"product-type-variable"},"acf":[],"yoast_head":"<!-- This site is optimized with the Yoast SEO plugin v27.3 - https:\/\/yoast.com\/product\/yoast-seo-wordpress\/ -->\n<title>La blouse Simple manches longues en broderie lin viscose kaki - cousue &#8226; Maison Essentielle<\/title>\n<meta name=\"robots\" content=\"index, follow, max-snippet:-1, max-image-preview:large, max-video-preview:-1\" \/>\n<link rel=\"canonical\" href=\"https:\/\/maisonessentielle.com\/produit\/la-blouse-simple-manches-longues-en-dentelle-lin-viscose-kaki-cousue\/\" \/>\n<meta property=\"og:locale\" content=\"fr_FR\" \/>\n<meta property=\"og:type\" content=\"article\" \/>\n<meta property=\"og:title\" content=\"La blouse Simple manches longues en broderie lin viscose kaki - cousue &#8226; Maison Essentielle\" \/>\n<meta property=\"og:description\" content=\"Un basique \u00e0 porter avec toutes vos tenues, le type de haut qui remplace un tee-shirt avec plus de f\u00e9minit\u00e9 et de caract\u00e8re. La blouse Simple est \u00e0 la fois f\u00e9minine et d\u00e9contract\u00e9e avec ses manches basses et sa jolie encolure. En version manches longues, sa coupe minimaliste accompagnera toutes les tenues de printemps.  Mati\u00e8re : tr\u00e8s belle broderie en lin viscose kaki, 25% lin\/52% viscose\/23% polyester - Lavage en machine \u00e0 30\u00b0  Conseil taille : La blouse Simple taille normalement. Val\u00e9rie (1,65 m \/ 85-72-92) porte la taille S.  Confection fran\u00e7aise\" \/>\n<meta property=\"og:url\" content=\"https:\/\/maisonessentielle.com\/produit\/la-blouse-simple-manches-longues-en-dentelle-lin-viscose-kaki-cousue\/\" \/>\n<meta property=\"og:site_name\" content=\"Maison Essentielle\" \/>\n<meta property=\"article:publisher\" content=\"https:\/\/www.facebook.com\/profile.php?id=61574309661771\" \/>\n<meta property=\"article:modified_time\" content=\"2026-04-09T13:18:33+00:00\" \/>\n<meta property=\"og:image\" content=\"https:\/\/maisonessentielle.com\/wp-content\/uploads\/2025\/03\/blouse-simple-dentelle-kaki-et-pantalon-fameux-lin-lave-naturel-18-scaled.jpg\" \/>\n\t<meta property=\"og:image:width\" content=\"1708\" \/>\n\t<meta property=\"og:image:height\" content=\"2560\" \/>\n\t<meta property=\"og:image:type\" content=\"image\/jpeg\" \/>\n<meta name=\"twitter:card\" content=\"summary_large_image\" \/>\n<meta name=\"twitter:label1\" content=\"Dur\u00e9e de lecture estim\u00e9e\" \/>\n\t<meta name=\"twitter:data1\" content=\"1 minute\" \/>\n<script type=\"application\/ld+json\" class=\"yoast-schema-graph\">{\"@context\":\"https:\\\/\\\/schema.org\",\"@graph\":[{\"@type\":\"WebPage\",\"@id\":\"https:\\\/\\\/maisonessentielle.com\\\/produit\\\/la-blouse-simple-manches-longues-en-dentelle-lin-viscose-kaki-cousue\\\/\",\"url\":\"https:\\\/\\\/maisonessentielle.com\\\/produit\\\/la-blouse-simple-manches-longues-en-dentelle-lin-viscose-kaki-cousue\\\/\",\"name\":\"La blouse Simple manches longues en broderie lin viscose kaki - cousue &#8226; Maison Essentielle\",\"isPartOf\":{\"@id\":\"https:\\\/\\\/maisonessentielle.com\\\/#website\"},\"primaryImageOfPage\":{\"@id\":\"https:\\\/\\\/maisonessentielle.com\\\/produit\\\/la-blouse-simple-manches-longues-en-dentelle-lin-viscose-kaki-cousue\\\/#primaryimage\"},\"image\":{\"@id\":\"https:\\\/\\\/maisonessentielle.com\\\/produit\\\/la-blouse-simple-manches-longues-en-dentelle-lin-viscose-kaki-cousue\\\/#primaryimage\"},\"thumbnailUrl\":\"https:\\\/\\\/maisonessentielle.com\\\/wp-content\\\/uploads\\\/2025\\\/03\\\/blouse-simple-dentelle-kaki-et-pantalon-fameux-lin-lave-naturel-18-scaled.jpg\",\"datePublished\":\"2025-03-30T04:30:59+00:00\",\"dateModified\":\"2026-04-09T13:18:33+00:00\",\"breadcrumb\":{\"@id\":\"https:\\\/\\\/maisonessentielle.com\\\/produit\\\/la-blouse-simple-manches-longues-en-dentelle-lin-viscose-kaki-cousue\\\/#breadcrumb\"},\"inLanguage\":\"fr-FR\",\"potentialAction\":[{\"@type\":\"ReadAction\",\"target\":[\"https:\\\/\\\/maisonessentielle.com\\\/produit\\\/la-blouse-simple-manches-longues-en-dentelle-lin-viscose-kaki-cousue\\\/\"]}]},{\"@type\":\"ImageObject\",\"inLanguage\":\"fr-FR\",\"@id\":\"https:\\\/\\\/maisonessentielle.com\\\/produit\\\/la-blouse-simple-manches-longues-en-dentelle-lin-viscose-kaki-cousue\\\/#primaryimage\",\"url\":\"https:\\\/\\\/maisonessentielle.com\\\/wp-content\\\/uploads\\\/2025\\\/03\\\/blouse-simple-dentelle-kaki-et-pantalon-fameux-lin-lave-naturel-18-scaled.jpg\",\"contentUrl\":\"https:\\\/\\\/maisonessentielle.com\\\/wp-content\\\/uploads\\\/2025\\\/03\\\/blouse-simple-dentelle-kaki-et-pantalon-fameux-lin-lave-naturel-18-scaled.jpg\",\"width\":1708,\"height\":2560},{\"@type\":\"BreadcrumbList\",\"@id\":\"https:\\\/\\\/maisonessentielle.com\\\/produit\\\/la-blouse-simple-manches-longues-en-dentelle-lin-viscose-kaki-cousue\\\/#breadcrumb\",\"itemListElement\":[{\"@type\":\"ListItem\",\"position\":1,\"name\":\"Accueil\",\"item\":\"https:\\\/\\\/maisonessentielle.com\\\/\"},{\"@type\":\"ListItem\",\"position\":2,\"name\":\"Produits Essentiels\",\"item\":\"https:\\\/\\\/maisonessentielle.com\\\/shop\\\/\"},{\"@type\":\"ListItem\",\"position\":3,\"name\":\"La blouse Simple manches longues en broderie lin viscose kaki &#8211; cousue\"}]},{\"@type\":\"WebSite\",\"@id\":\"https:\\\/\\\/maisonessentielle.com\\\/#website\",\"url\":\"https:\\\/\\\/maisonessentielle.com\\\/\",\"name\":\"Maison Essentielle\",\"description\":\"Vestiaire essentiel \u00e0 coudre ou \u00e0 porter\",\"publisher\":{\"@id\":\"https:\\\/\\\/maisonessentielle.com\\\/#organization\"},\"potentialAction\":[{\"@type\":\"SearchAction\",\"target\":{\"@type\":\"EntryPoint\",\"urlTemplate\":\"https:\\\/\\\/maisonessentielle.com\\\/?s={search_term_string}\"},\"query-input\":{\"@type\":\"PropertyValueSpecification\",\"valueRequired\":true,\"valueName\":\"search_term_string\"}}],\"inLanguage\":\"fr-FR\"},{\"@type\":\"Organization\",\"@id\":\"https:\\\/\\\/maisonessentielle.com\\\/#organization\",\"name\":\"Maison Essentielle\",\"url\":\"https:\\\/\\\/maisonessentielle.com\\\/\",\"logo\":{\"@type\":\"ImageObject\",\"inLanguage\":\"fr-FR\",\"@id\":\"https:\\\/\\\/maisonessentielle.com\\\/#\\\/schema\\\/logo\\\/image\\\/\",\"url\":\"https:\\\/\\\/maisonessentielle.com\\\/wp-content\\\/uploads\\\/2022\\\/03\\\/MAISON-ESSENTIELLE_LOGO_facture-min.png\",\"contentUrl\":\"https:\\\/\\\/maisonessentielle.com\\\/wp-content\\\/uploads\\\/2022\\\/03\\\/MAISON-ESSENTIELLE_LOGO_facture-min.png\",\"width\":400,\"height\":57,\"caption\":\"Maison Essentielle\"},\"image\":{\"@id\":\"https:\\\/\\\/maisonessentielle.com\\\/#\\\/schema\\\/logo\\\/image\\\/\"},\"sameAs\":[\"https:\\\/\\\/www.facebook.com\\\/profile.php?id=61574309661771\",\"https:\\\/\\\/www.instagram.com\\\/maison_essentielle_\\\/\"]}]}<\/script>\n<!-- \/ Yoast SEO plugin. -->","yoast_head_json":{"title":"La blouse Simple manches longues en broderie lin viscose kaki - cousue &#8226; Maison Essentielle","robots":{"index":"index","follow":"follow","max-snippet":"max-snippet:-1","max-image-preview":"max-image-preview:large","max-video-preview":"max-video-preview:-1"},"canonical":"https:\/\/maisonessentielle.com\/produit\/la-blouse-simple-manches-longues-en-dentelle-lin-viscose-kaki-cousue\/","og_locale":"fr_FR","og_type":"article","og_title":"La blouse Simple manches longues en broderie lin viscose kaki - cousue &#8226; Maison Essentielle","og_description":"Un basique \u00e0 porter avec toutes vos tenues, le type de haut qui remplace un tee-shirt avec plus de f\u00e9minit\u00e9 et de caract\u00e8re. La blouse Simple est \u00e0 la fois f\u00e9minine et d\u00e9contract\u00e9e avec ses manches basses et sa jolie encolure. En version manches longues, sa coupe minimaliste accompagnera toutes les tenues de printemps.  Mati\u00e8re : tr\u00e8s belle broderie en lin viscose kaki, 25% lin\/52% viscose\/23% polyester - Lavage en machine \u00e0 30\u00b0  Conseil taille : La blouse Simple taille normalement. Val\u00e9rie (1,65 m \/ 85-72-92) porte la taille S.  Confection fran\u00e7aise","og_url":"https:\/\/maisonessentielle.com\/produit\/la-blouse-simple-manches-longues-en-dentelle-lin-viscose-kaki-cousue\/","og_site_name":"Maison Essentielle","article_publisher":"https:\/\/www.facebook.com\/profile.php?id=61574309661771","article_modified_time":"2026-04-09T13:18:33+00:00","og_image":[{"width":1708,"height":2560,"url":"https:\/\/maisonessentielle.com\/wp-content\/uploads\/2025\/03\/blouse-simple-dentelle-kaki-et-pantalon-fameux-lin-lave-naturel-18-scaled.jpg","type":"image\/jpeg"}],"twitter_card":"summary_large_image","twitter_misc":{"Dur\u00e9e de lecture estim\u00e9e":"1 minute"},"schema":{"@context":"https:\/\/schema.org","@graph":[{"@type":"WebPage","@id":"https:\/\/maisonessentielle.com\/produit\/la-blouse-simple-manches-longues-en-dentelle-lin-viscose-kaki-cousue\/","url":"https:\/\/maisonessentielle.com\/produit\/la-blouse-simple-manches-longues-en-dentelle-lin-viscose-kaki-cousue\/","name":"La blouse Simple manches longues en broderie lin viscose kaki - cousue &#8226; Maison Essentielle","isPartOf":{"@id":"https:\/\/maisonessentielle.com\/#website"},"primaryImageOfPage":{"@id":"https:\/\/maisonessentielle.com\/produit\/la-blouse-simple-manches-longues-en-dentelle-lin-viscose-kaki-cousue\/#primaryimage"},"image":{"@id":"https:\/\/maisonessentielle.com\/produit\/la-blouse-simple-manches-longues-en-dentelle-lin-viscose-kaki-cousue\/#primaryimage"},"thumbnailUrl":"https:\/\/maisonessentielle.com\/wp-content\/uploads\/2025\/03\/blouse-simple-dentelle-kaki-et-pantalon-fameux-lin-lave-naturel-18-scaled.jpg","datePublished":"2025-03-30T04:30:59+00:00","dateModified":"2026-04-09T13:18:33+00:00","breadcrumb":{"@id":"https:\/\/maisonessentielle.com\/produit\/la-blouse-simple-manches-longues-en-dentelle-lin-viscose-kaki-cousue\/#breadcrumb"},"inLanguage":"fr-FR","potentialAction":[{"@type":"ReadAction","target":["https:\/\/maisonessentielle.com\/produit\/la-blouse-simple-manches-longues-en-dentelle-lin-viscose-kaki-cousue\/"]}]},{"@type":"ImageObject","inLanguage":"fr-FR","@id":"https:\/\/maisonessentielle.com\/produit\/la-blouse-simple-manches-longues-en-dentelle-lin-viscose-kaki-cousue\/#primaryimage","url":"https:\/\/maisonessentielle.com\/wp-content\/uploads\/2025\/03\/blouse-simple-dentelle-kaki-et-pantalon-fameux-lin-lave-naturel-18-scaled.jpg","contentUrl":"https:\/\/maisonessentielle.com\/wp-content\/uploads\/2025\/03\/blouse-simple-dentelle-kaki-et-pantalon-fameux-lin-lave-naturel-18-scaled.jpg","width":1708,"height":2560},{"@type":"BreadcrumbList","@id":"https:\/\/maisonessentielle.com\/produit\/la-blouse-simple-manches-longues-en-dentelle-lin-viscose-kaki-cousue\/#breadcrumb","itemListElement":[{"@type":"ListItem","position":1,"name":"Accueil","item":"https:\/\/maisonessentielle.com\/"},{"@type":"ListItem","position":2,"name":"Produits Essentiels","item":"https:\/\/maisonessentielle.com\/shop\/"},{"@type":"ListItem","position":3,"name":"La blouse Simple manches longues en broderie lin viscose kaki &#8211; cousue"}]},{"@type":"WebSite","@id":"https:\/\/maisonessentielle.com\/#website","url":"https:\/\/maisonessentielle.com\/","name":"Maison Essentielle","description":"Vestiaire essentiel \u00e0 coudre ou \u00e0 porter","publisher":{"@id":"https:\/\/maisonessentielle.com\/#organization"},"potentialAction":[{"@type":"SearchAction","target":{"@type":"EntryPoint","urlTemplate":"https:\/\/maisonessentielle.com\/?s={search_term_string}"},"query-input":{"@type":"PropertyValueSpecification","valueRequired":true,"valueName":"search_term_string"}}],"inLanguage":"fr-FR"},{"@type":"Organization","@id":"https:\/\/maisonessentielle.com\/#organization","name":"Maison Essentielle","url":"https:\/\/maisonessentielle.com\/","logo":{"@type":"ImageObject","inLanguage":"fr-FR","@id":"https:\/\/maisonessentielle.com\/#\/schema\/logo\/image\/","url":"https:\/\/maisonessentielle.com\/wp-content\/uploads\/2022\/03\/MAISON-ESSENTIELLE_LOGO_facture-min.png","contentUrl":"https:\/\/maisonessentielle.com\/wp-content\/uploads\/2022\/03\/MAISON-ESSENTIELLE_LOGO_facture-min.png","width":400,"height":57,"caption":"Maison Essentielle"},"image":{"@id":"https:\/\/maisonessentielle.com\/#\/schema\/logo\/image\/"},"sameAs":["https:\/\/www.facebook.com\/profile.php?id=61574309661771","https:\/\/www.instagram.com\/maison_essentielle_\/"]}]}},"_links":{"self":[{"href":"https:\/\/maisonessentielle.com\/wp-json\/wp\/v2\/product\/47858","targetHints":{"allow":["GET"]}}],"collection":[{"href":"https:\/\/maisonessentielle.com\/wp-json\/wp\/v2\/product"}],"about":[{"href":"https:\/\/maisonessentielle.com\/wp-json\/wp\/v2\/types\/product"}],"replies":[{"embeddable":true,"href":"https:\/\/maisonessentielle.com\/wp-json\/wp\/v2\/comments?post=47858"}],"version-history":[{"count":11,"href":"https:\/\/maisonessentielle.com\/wp-json\/wp\/v2\/product\/47858\/revisions"}],"predecessor-version":[{"id":55620,"href":"https:\/\/maisonessentielle.com\/wp-json\/wp\/v2\/product\/47858\/revisions\/55620"}],"wp:featuredmedia":[{"embeddable":true,"href":"https:\/\/maisonessentielle.com\/wp-json\/wp\/v2\/media\/47554"}],"wp:attachment":[{"href":"https:\/\/maisonessentielle.com\/wp-json\/wp\/v2\/media?parent=47858"}],"wp:term":[{"taxonomy":"product_brand","embeddable":true,"href":"https:\/\/maisonessentielle.com\/wp-json\/wp\/v2\/product_brand?post=47858"},{"taxonomy":"product_cat","embeddable":true,"href":"https:\/\/maisonessentielle.com\/wp-json\/wp\/v2\/product_cat?post=47858"},{"taxonomy":"product_tag","embeddable":true,"href":"https:\/\/maisonessentielle.com\/wp-json\/wp\/v2\/product_tag?post=47858"}],"curies":[{"name":"wp","href":"https:\/\/api.w.org\/{rel}","templated":true}]}}