{"id":25322,"date":"2025-01-15T14:45:09","date_gmt":"2025-01-15T13:45:09","guid":{"rendered":"https:\/\/maisonessentielle.com\/?post_type=product&#038;p=25322"},"modified":"2025-10-17T10:55:28","modified_gmt":"2025-10-17T08:55:28","slug":"tissu-patron-le-gilet-sans-manche-panache-en-bouclette-epaisse","status":"publish","type":"product","link":"https:\/\/maisonessentielle.com\/produit\/tissu-patron-le-gilet-sans-manche-panache-en-bouclette-epaisse\/","title":{"rendered":"KIT \u00c0 COUDRE &#8211; la veste sans manche Panache en bouclette \u00e9paisse"},"content":{"rendered":"<h2>Coudre facilement la veste Panache<a href=\"https:\/\/maisonessentielle.com\/index.php\/accueil\/videos-de-montage\/\">\u00a0avec notre tuto couture et vid\u00e9o de montage<\/a><\/h2>\n<p>&nbsp;<\/p>\n<p><a href=\"https:\/\/maisonessentielle.com\/index.php\/accueil\/videos-de-montage\/\"><img fetchpriority=\"high\" decoding=\"async\" class=\"aligncenter wp-image-25772 size-large\" src=\"https:\/\/maisonessentielle.com\/wp-content\/uploads\/2023\/08\/image0-43-600x364.jpeg\" alt=\"\" width=\"600\" height=\"364\" srcset=\"https:\/\/maisonessentielle.com\/wp-content\/uploads\/2023\/08\/image0-43-600x364.jpeg 600w, https:\/\/maisonessentielle.com\/wp-content\/uploads\/2023\/08\/image0-43-300x182.jpeg 300w, https:\/\/maisonessentielle.com\/wp-content\/uploads\/2023\/08\/image0-43-768x465.jpeg 768w, https:\/\/maisonessentielle.com\/wp-content\/uploads\/2023\/08\/image0-43-1536x931.jpeg 1536w, https:\/\/maisonessentielle.com\/wp-content\/uploads\/2023\/08\/image0-43.jpeg 1650w\" sizes=\"(max-width: 600px) 100vw, 600px\" \/><\/a><a href=\"https:\/\/maisonessentielle.com\/index.php\/accueil\/videos-de-montage\/\"><img decoding=\"async\" class=\"aligncenter wp-image-29581 size-large\" src=\"https:\/\/maisonessentielle.com\/wp-content\/uploads\/2024\/01\/IMG_9697-600x450.jpg\" alt=\"\" width=\"600\" height=\"450\" srcset=\"https:\/\/maisonessentielle.com\/wp-content\/uploads\/2024\/01\/IMG_9697-600x450.jpg 600w, https:\/\/maisonessentielle.com\/wp-content\/uploads\/2024\/01\/IMG_9697-300x225.jpg 300w, https:\/\/maisonessentielle.com\/wp-content\/uploads\/2024\/01\/IMG_9697.jpg 640w\" sizes=\"(max-width: 600px) 100vw, 600px\" \/><\/a><\/p>\n<p>&nbsp;<\/p>\n<p><strong>Choisissez votre taille en vous r\u00e9f\u00e9rant \u00e0 ce tableau de mensuration (mesure en cm)<\/strong><\/p>\n<table>\n<tbody>\n<tr>\n<td><b>Taille<\/b><\/td>\n<td><b>XS<\/b><\/td>\n<td><b>S<\/b><\/td>\n<td><b>M<\/b><\/td>\n<td><b>L<\/b><\/td>\n<td><b>XL<\/b><\/td>\n<\/tr>\n<tr>\n<td><b>Tour de poitrine<\/b><\/td>\n<td><span style=\"font-weight: 400;\">84-88<\/span><\/td>\n<td><span style=\"font-weight: 400;\">88-96<\/span><\/td>\n<td><span style=\"font-weight: 400;\">96-104<\/span><\/td>\n<td><span style=\"font-weight: 400;\">104-108<\/span><\/td>\n<td><span style=\"font-weight: 400;\">108-112<\/span><\/td>\n<\/tr>\n<tr>\n<td><b>Tour de ceinture<\/b><\/td>\n<td><span style=\"font-weight: 400;\">72-76<\/span><\/td>\n<td><span style=\"font-weight: 400;\">76-80<\/span><\/td>\n<td><span style=\"font-weight: 400;\">80-84<\/span><\/td>\n<td><span style=\"font-weight: 400;\">84-88<\/span><\/td>\n<td><span style=\"font-weight: 400;\">88-92<\/span><\/td>\n<\/tr>\n<tr>\n<td><strong>M\u00e9trage tissus (L150 cm) <\/strong><\/p>\n<p><strong>+ biais\u00a0<\/strong><\/td>\n<td>0,7 m<\/p>\n<p>4,30m<\/td>\n<td>0,7 m<\/p>\n<p>4,4 m<\/td>\n<td>0,7 m<\/p>\n<p>4,6 m<\/td>\n<td>0,75 m<\/p>\n<p>4,8 m<\/td>\n<td>0,75 m<\/p>\n<p>4,90 m<\/td>\n<\/tr>\n<\/tbody>\n<\/table>\n<p>&nbsp;<\/p>\n<p style=\"text-align: center;\"><strong>Partagez-nous votre r\u00e9alisation sur les r\u00e9seaux sociaux #lavestepanache @maison_essentielle_<\/strong><\/p>\n","protected":false},"excerpt":{"rendered":"<p>&nbsp;<\/p>\n<h2>Un gilet sans manche facile \u00e0 coudre en bouclette \u00e9paisse \u00e9crue<\/h2>\n<p><strong>Panache est une veste qui a du panache car elle se d\u00e9cline dans de nombreuses versions pour accompagner toutes vos tenues. En version sans manche et boutonnage simple ici, dans notre fameuse bouclette \u00e9crue tricot\u00e9e au Portugal, une face bouclette, une face polaire toute douce et finition biais invisible.<\/strong><\/p>\n<p><strong>Le m\u00e9trage livr\u00e9 permet de r\u00e9aliser la version sans manche, boutonnage simple, non doubl\u00e9e avec finition biais invisible jusqu&rsquo;\u00e0 la taille XL. Vous pouvez replier l&rsquo;\u00e9paule pour un effet \u00e9paulette &#8211; cf photo.<\/strong><\/p>\n<h2>La bouclette \u00e9paisse de notre veste Panache sans manche<\/h2>\n<p>Tr\u00e8s belle bouclette \u00e9crue \u00e9paisse et chaude (face int\u00e9rieure en polaire) tricot\u00e9e pour Maison Essentielle au Portugal, 100% polyester\u00a0 recycl\u00e9 &#8211; <strong>Laize<\/strong> 148cm &#8211;\u00a0 <strong>Poids<\/strong> : 545g\/m\u00b2 &#8211;\u00a0<strong>Lavage <\/strong>en machine \u00e0 30\u00b0<\/p>\n<h2>Conseil taille<\/h2>\n<p>R\u00e9f\u00e9rez-vous au tableau de mensurations en bas de page. Panache est un mod\u00e8le mixte, Val\u00e9rie <em>(1,65m \/ 86-72-90)<\/em> porte la taille XS, Anne-Julie <em>(1,75m\/92,5\/83\/103) porte la taille\u00a0 S, Marine et Mathieu portent la taille S.<\/em><\/p>\n<p><strong>Retrouvez la vid\u00e9o de montage en bas de cette page.<\/strong><\/p>\n","protected":false},"featured_media":36399,"comment_status":"open","ping_status":"closed","template":"","meta":{"_acf_changed":false,"site-sidebar-layout":"default","site-content-layout":"default","ast-site-content-layout":"default","site-content-style":"default","site-sidebar-style":"default","ast-global-header-display":"","ast-banner-title-visibility":"","ast-main-header-display":"","ast-hfb-above-header-display":"","ast-hfb-below-header-display":"","ast-hfb-mobile-header-display":"","site-post-title":"","ast-breadcrumbs-content":"","ast-featured-img":"","footer-sml-layout":"","ast-disable-related-posts":"","theme-transparent-header-meta":"default","adv-header-id-meta":"","stick-header-meta":"default","header-above-stick-meta":"","header-main-stick-meta":"","header-below-stick-meta":"","astra-migrate-meta-layouts":"set","ast-page-background-enabled":"default","ast-page-background-meta":{"desktop":{"background-color":"","background-image":"","background-repeat":"repeat","background-position":"center center","background-size":"auto","background-attachment":"scroll","background-type":"","background-media":"","overlay-type":"","overlay-color":"","overlay-opacity":"","overlay-gradient":""},"tablet":{"background-color":"","background-image":"","background-repeat":"repeat","background-position":"center center","background-size":"auto","background-attachment":"scroll","background-type":"","background-media":"","overlay-type":"","overlay-color":"","overlay-opacity":"","overlay-gradient":""},"mobile":{"background-color":"","background-image":"","background-repeat":"repeat","background-position":"center center","background-size":"auto","background-attachment":"scroll","background-type":"","background-media":"","overlay-type":"","overlay-color":"","overlay-opacity":"","overlay-gradient":""}},"ast-content-background-meta":{"desktop":{"background-color":"var(--ast-global-color-5)","background-image":"","background-repeat":"repeat","background-position":"center center","background-size":"auto","background-attachment":"scroll","background-type":"","background-media":"","overlay-type":"","overlay-color":"","overlay-opacity":"","overlay-gradient":""},"tablet":{"background-color":"var(--ast-global-color-5)","background-image":"","background-repeat":"repeat","background-position":"center center","background-size":"auto","background-attachment":"scroll","background-type":"","background-media":"","overlay-type":"","overlay-color":"","overlay-opacity":"","overlay-gradient":""},"mobile":{"background-color":"var(--ast-global-color-5)","background-image":"","background-repeat":"repeat","background-position":"center center","background-size":"auto","background-attachment":"scroll","background-type":"","background-media":"","overlay-type":"","overlay-color":"","overlay-opacity":"","overlay-gradient":""}}},"product_brand":[],"product_cat":[168,214],"product_tag":[],"class_list":{"0":"post-25322","1":"product","2":"type-product","3":"status-publish","4":"has-post-thumbnail","6":"product_cat-kit-de-couture-adulte","7":"product_cat-vestiaire-a-coudre","8":"desktop-align-center","9":"tablet-align-center","10":"mobile-align-center","11":"ast-product-gallery-layout-horizontal","12":"ast-magnify-disabled","13":"ast-product-tabs-layout-horizontal","15":"first","16":"instock","17":"taxable","18":"purchasable","19":"product-type-woosb"},"acf":[],"yoast_head":"<!-- This site is optimized with the Yoast SEO plugin v27.3 - https:\/\/yoast.com\/product\/yoast-seo-wordpress\/ -->\n<title>Une veste sans manche facile \u00e0 coudre en bouclette \u00e9paisse \u00e9crue<\/title>\n<meta name=\"description\" content=\"Une veste sans manche d\u00e9contract\u00e9e, facile \u00e0 coudre avec une bouclette \u00e9crue doubl\u00e9e polaire, cousue avec le patron de la veste Panache\" \/>\n<meta name=\"robots\" content=\"index, follow, max-snippet:-1, max-image-preview:large, max-video-preview:-1\" \/>\n<link rel=\"canonical\" href=\"https:\/\/maisonessentielle.com\/produit\/tissu-patron-le-gilet-sans-manche-panache-en-bouclette-epaisse\/\" \/>\n<meta property=\"og:locale\" content=\"fr_FR\" \/>\n<meta property=\"og:type\" content=\"article\" \/>\n<meta property=\"og:title\" content=\"Une veste sans manche facile \u00e0 coudre en bouclette \u00e9paisse \u00e9crue\" \/>\n<meta property=\"og:description\" content=\"Une veste sans manche d\u00e9contract\u00e9e, facile \u00e0 coudre avec une bouclette \u00e9crue doubl\u00e9e polaire, cousue avec le patron de la veste Panache\" \/>\n<meta property=\"og:url\" content=\"https:\/\/maisonessentielle.com\/produit\/tissu-patron-le-gilet-sans-manche-panache-en-bouclette-epaisse\/\" \/>\n<meta property=\"og:site_name\" content=\"Maison Essentielle\" \/>\n<meta property=\"article:publisher\" content=\"https:\/\/www.facebook.com\/profile.php?id=61574309661771\" \/>\n<meta property=\"article:modified_time\" content=\"2025-10-17T08:55:28+00:00\" \/>\n<meta property=\"og:image\" content=\"https:\/\/maisonessentielle.com\/wp-content\/uploads\/2024\/08\/panache-bouclette-ecru-taille-XS-et-S-non-double-finition-biais-invisible-10.jpg\" \/>\n\t<meta property=\"og:image:width\" content=\"788\" \/>\n\t<meta property=\"og:image:height\" content=\"1181\" \/>\n\t<meta property=\"og:image:type\" content=\"image\/jpeg\" \/>\n<meta name=\"twitter:card\" content=\"summary_large_image\" \/>\n<meta name=\"twitter:label1\" content=\"Dur\u00e9e de lecture estim\u00e9e\" \/>\n\t<meta name=\"twitter:data1\" content=\"2 minutes\" \/>\n<script type=\"application\/ld+json\" class=\"yoast-schema-graph\">{\"@context\":\"https:\\\/\\\/schema.org\",\"@graph\":[{\"@type\":\"WebPage\",\"@id\":\"https:\\\/\\\/maisonessentielle.com\\\/produit\\\/tissu-patron-le-gilet-sans-manche-panache-en-bouclette-epaisse\\\/\",\"url\":\"https:\\\/\\\/maisonessentielle.com\\\/produit\\\/tissu-patron-le-gilet-sans-manche-panache-en-bouclette-epaisse\\\/\",\"name\":\"Une veste sans manche facile \u00e0 coudre en bouclette \u00e9paisse \u00e9crue\",\"isPartOf\":{\"@id\":\"https:\\\/\\\/maisonessentielle.com\\\/#website\"},\"primaryImageOfPage\":{\"@id\":\"https:\\\/\\\/maisonessentielle.com\\\/produit\\\/tissu-patron-le-gilet-sans-manche-panache-en-bouclette-epaisse\\\/#primaryimage\"},\"image\":{\"@id\":\"https:\\\/\\\/maisonessentielle.com\\\/produit\\\/tissu-patron-le-gilet-sans-manche-panache-en-bouclette-epaisse\\\/#primaryimage\"},\"thumbnailUrl\":\"https:\\\/\\\/maisonessentielle.com\\\/wp-content\\\/uploads\\\/2024\\\/08\\\/panache-bouclette-ecru-taille-XS-et-S-non-double-finition-biais-invisible-10.jpg\",\"datePublished\":\"2025-01-15T13:45:09+00:00\",\"dateModified\":\"2025-10-17T08:55:28+00:00\",\"description\":\"Une veste sans manche d\u00e9contract\u00e9e, facile \u00e0 coudre avec une bouclette \u00e9crue doubl\u00e9e polaire, cousue avec le patron de la veste Panache\",\"breadcrumb\":{\"@id\":\"https:\\\/\\\/maisonessentielle.com\\\/produit\\\/tissu-patron-le-gilet-sans-manche-panache-en-bouclette-epaisse\\\/#breadcrumb\"},\"inLanguage\":\"fr-FR\",\"potentialAction\":[{\"@type\":\"ReadAction\",\"target\":[\"https:\\\/\\\/maisonessentielle.com\\\/produit\\\/tissu-patron-le-gilet-sans-manche-panache-en-bouclette-epaisse\\\/\"]}]},{\"@type\":\"ImageObject\",\"inLanguage\":\"fr-FR\",\"@id\":\"https:\\\/\\\/maisonessentielle.com\\\/produit\\\/tissu-patron-le-gilet-sans-manche-panache-en-bouclette-epaisse\\\/#primaryimage\",\"url\":\"https:\\\/\\\/maisonessentielle.com\\\/wp-content\\\/uploads\\\/2024\\\/08\\\/panache-bouclette-ecru-taille-XS-et-S-non-double-finition-biais-invisible-10.jpg\",\"contentUrl\":\"https:\\\/\\\/maisonessentielle.com\\\/wp-content\\\/uploads\\\/2024\\\/08\\\/panache-bouclette-ecru-taille-XS-et-S-non-double-finition-biais-invisible-10.jpg\",\"width\":788,\"height\":1181},{\"@type\":\"BreadcrumbList\",\"@id\":\"https:\\\/\\\/maisonessentielle.com\\\/produit\\\/tissu-patron-le-gilet-sans-manche-panache-en-bouclette-epaisse\\\/#breadcrumb\",\"itemListElement\":[{\"@type\":\"ListItem\",\"position\":1,\"name\":\"Accueil\",\"item\":\"https:\\\/\\\/maisonessentielle.com\\\/\"},{\"@type\":\"ListItem\",\"position\":2,\"name\":\"Produits Essentiels\",\"item\":\"https:\\\/\\\/maisonessentielle.com\\\/shop\\\/\"},{\"@type\":\"ListItem\",\"position\":3,\"name\":\"KIT \u00c0 COUDRE &#8211; la veste sans manche Panache en bouclette \u00e9paisse\"}]},{\"@type\":\"WebSite\",\"@id\":\"https:\\\/\\\/maisonessentielle.com\\\/#website\",\"url\":\"https:\\\/\\\/maisonessentielle.com\\\/\",\"name\":\"Maison Essentielle\",\"description\":\"Vestiaire essentiel \u00e0 coudre ou \u00e0 porter\",\"publisher\":{\"@id\":\"https:\\\/\\\/maisonessentielle.com\\\/#organization\"},\"potentialAction\":[{\"@type\":\"SearchAction\",\"target\":{\"@type\":\"EntryPoint\",\"urlTemplate\":\"https:\\\/\\\/maisonessentielle.com\\\/?s={search_term_string}\"},\"query-input\":{\"@type\":\"PropertyValueSpecification\",\"valueRequired\":true,\"valueName\":\"search_term_string\"}}],\"inLanguage\":\"fr-FR\"},{\"@type\":\"Organization\",\"@id\":\"https:\\\/\\\/maisonessentielle.com\\\/#organization\",\"name\":\"Maison Essentielle\",\"url\":\"https:\\\/\\\/maisonessentielle.com\\\/\",\"logo\":{\"@type\":\"ImageObject\",\"inLanguage\":\"fr-FR\",\"@id\":\"https:\\\/\\\/maisonessentielle.com\\\/#\\\/schema\\\/logo\\\/image\\\/\",\"url\":\"https:\\\/\\\/maisonessentielle.com\\\/wp-content\\\/uploads\\\/2022\\\/03\\\/MAISON-ESSENTIELLE_LOGO_facture-min.png\",\"contentUrl\":\"https:\\\/\\\/maisonessentielle.com\\\/wp-content\\\/uploads\\\/2022\\\/03\\\/MAISON-ESSENTIELLE_LOGO_facture-min.png\",\"width\":400,\"height\":57,\"caption\":\"Maison Essentielle\"},\"image\":{\"@id\":\"https:\\\/\\\/maisonessentielle.com\\\/#\\\/schema\\\/logo\\\/image\\\/\"},\"sameAs\":[\"https:\\\/\\\/www.facebook.com\\\/profile.php?id=61574309661771\",\"https:\\\/\\\/www.instagram.com\\\/maison_essentielle_\\\/\"]}]}<\/script>\n<!-- \/ Yoast SEO plugin. -->","yoast_head_json":{"title":"Une veste sans manche facile \u00e0 coudre en bouclette \u00e9paisse \u00e9crue","description":"Une veste sans manche d\u00e9contract\u00e9e, facile \u00e0 coudre avec une bouclette \u00e9crue doubl\u00e9e polaire, cousue avec le patron de la veste Panache","robots":{"index":"index","follow":"follow","max-snippet":"max-snippet:-1","max-image-preview":"max-image-preview:large","max-video-preview":"max-video-preview:-1"},"canonical":"https:\/\/maisonessentielle.com\/produit\/tissu-patron-le-gilet-sans-manche-panache-en-bouclette-epaisse\/","og_locale":"fr_FR","og_type":"article","og_title":"Une veste sans manche facile \u00e0 coudre en bouclette \u00e9paisse \u00e9crue","og_description":"Une veste sans manche d\u00e9contract\u00e9e, facile \u00e0 coudre avec une bouclette \u00e9crue doubl\u00e9e polaire, cousue avec le patron de la veste Panache","og_url":"https:\/\/maisonessentielle.com\/produit\/tissu-patron-le-gilet-sans-manche-panache-en-bouclette-epaisse\/","og_site_name":"Maison Essentielle","article_publisher":"https:\/\/www.facebook.com\/profile.php?id=61574309661771","article_modified_time":"2025-10-17T08:55:28+00:00","og_image":[{"width":788,"height":1181,"url":"https:\/\/maisonessentielle.com\/wp-content\/uploads\/2024\/08\/panache-bouclette-ecru-taille-XS-et-S-non-double-finition-biais-invisible-10.jpg","type":"image\/jpeg"}],"twitter_card":"summary_large_image","twitter_misc":{"Dur\u00e9e de lecture estim\u00e9e":"2 minutes"},"schema":{"@context":"https:\/\/schema.org","@graph":[{"@type":"WebPage","@id":"https:\/\/maisonessentielle.com\/produit\/tissu-patron-le-gilet-sans-manche-panache-en-bouclette-epaisse\/","url":"https:\/\/maisonessentielle.com\/produit\/tissu-patron-le-gilet-sans-manche-panache-en-bouclette-epaisse\/","name":"Une veste sans manche facile \u00e0 coudre en bouclette \u00e9paisse \u00e9crue","isPartOf":{"@id":"https:\/\/maisonessentielle.com\/#website"},"primaryImageOfPage":{"@id":"https:\/\/maisonessentielle.com\/produit\/tissu-patron-le-gilet-sans-manche-panache-en-bouclette-epaisse\/#primaryimage"},"image":{"@id":"https:\/\/maisonessentielle.com\/produit\/tissu-patron-le-gilet-sans-manche-panache-en-bouclette-epaisse\/#primaryimage"},"thumbnailUrl":"https:\/\/maisonessentielle.com\/wp-content\/uploads\/2024\/08\/panache-bouclette-ecru-taille-XS-et-S-non-double-finition-biais-invisible-10.jpg","datePublished":"2025-01-15T13:45:09+00:00","dateModified":"2025-10-17T08:55:28+00:00","description":"Une veste sans manche d\u00e9contract\u00e9e, facile \u00e0 coudre avec une bouclette \u00e9crue doubl\u00e9e polaire, cousue avec le patron de la veste Panache","breadcrumb":{"@id":"https:\/\/maisonessentielle.com\/produit\/tissu-patron-le-gilet-sans-manche-panache-en-bouclette-epaisse\/#breadcrumb"},"inLanguage":"fr-FR","potentialAction":[{"@type":"ReadAction","target":["https:\/\/maisonessentielle.com\/produit\/tissu-patron-le-gilet-sans-manche-panache-en-bouclette-epaisse\/"]}]},{"@type":"ImageObject","inLanguage":"fr-FR","@id":"https:\/\/maisonessentielle.com\/produit\/tissu-patron-le-gilet-sans-manche-panache-en-bouclette-epaisse\/#primaryimage","url":"https:\/\/maisonessentielle.com\/wp-content\/uploads\/2024\/08\/panache-bouclette-ecru-taille-XS-et-S-non-double-finition-biais-invisible-10.jpg","contentUrl":"https:\/\/maisonessentielle.com\/wp-content\/uploads\/2024\/08\/panache-bouclette-ecru-taille-XS-et-S-non-double-finition-biais-invisible-10.jpg","width":788,"height":1181},{"@type":"BreadcrumbList","@id":"https:\/\/maisonessentielle.com\/produit\/tissu-patron-le-gilet-sans-manche-panache-en-bouclette-epaisse\/#breadcrumb","itemListElement":[{"@type":"ListItem","position":1,"name":"Accueil","item":"https:\/\/maisonessentielle.com\/"},{"@type":"ListItem","position":2,"name":"Produits Essentiels","item":"https:\/\/maisonessentielle.com\/shop\/"},{"@type":"ListItem","position":3,"name":"KIT \u00c0 COUDRE &#8211; la veste sans manche Panache en bouclette \u00e9paisse"}]},{"@type":"WebSite","@id":"https:\/\/maisonessentielle.com\/#website","url":"https:\/\/maisonessentielle.com\/","name":"Maison Essentielle","description":"Vestiaire essentiel \u00e0 coudre ou \u00e0 porter","publisher":{"@id":"https:\/\/maisonessentielle.com\/#organization"},"potentialAction":[{"@type":"SearchAction","target":{"@type":"EntryPoint","urlTemplate":"https:\/\/maisonessentielle.com\/?s={search_term_string}"},"query-input":{"@type":"PropertyValueSpecification","valueRequired":true,"valueName":"search_term_string"}}],"inLanguage":"fr-FR"},{"@type":"Organization","@id":"https:\/\/maisonessentielle.com\/#organization","name":"Maison Essentielle","url":"https:\/\/maisonessentielle.com\/","logo":{"@type":"ImageObject","inLanguage":"fr-FR","@id":"https:\/\/maisonessentielle.com\/#\/schema\/logo\/image\/","url":"https:\/\/maisonessentielle.com\/wp-content\/uploads\/2022\/03\/MAISON-ESSENTIELLE_LOGO_facture-min.png","contentUrl":"https:\/\/maisonessentielle.com\/wp-content\/uploads\/2022\/03\/MAISON-ESSENTIELLE_LOGO_facture-min.png","width":400,"height":57,"caption":"Maison Essentielle"},"image":{"@id":"https:\/\/maisonessentielle.com\/#\/schema\/logo\/image\/"},"sameAs":["https:\/\/www.facebook.com\/profile.php?id=61574309661771","https:\/\/www.instagram.com\/maison_essentielle_\/"]}]}},"_links":{"self":[{"href":"https:\/\/maisonessentielle.com\/wp-json\/wp\/v2\/product\/25322","targetHints":{"allow":["GET"]}}],"collection":[{"href":"https:\/\/maisonessentielle.com\/wp-json\/wp\/v2\/product"}],"about":[{"href":"https:\/\/maisonessentielle.com\/wp-json\/wp\/v2\/types\/product"}],"replies":[{"embeddable":true,"href":"https:\/\/maisonessentielle.com\/wp-json\/wp\/v2\/comments?post=25322"}],"version-history":[{"count":5,"href":"https:\/\/maisonessentielle.com\/wp-json\/wp\/v2\/product\/25322\/revisions"}],"predecessor-version":[{"id":54938,"href":"https:\/\/maisonessentielle.com\/wp-json\/wp\/v2\/product\/25322\/revisions\/54938"}],"wp:featuredmedia":[{"embeddable":true,"href":"https:\/\/maisonessentielle.com\/wp-json\/wp\/v2\/media\/36399"}],"wp:attachment":[{"href":"https:\/\/maisonessentielle.com\/wp-json\/wp\/v2\/media?parent=25322"}],"wp:term":[{"taxonomy":"product_brand","embeddable":true,"href":"https:\/\/maisonessentielle.com\/wp-json\/wp\/v2\/product_brand?post=25322"},{"taxonomy":"product_cat","embeddable":true,"href":"https:\/\/maisonessentielle.com\/wp-json\/wp\/v2\/product_cat?post=25322"},{"taxonomy":"product_tag","embeddable":true,"href":"https:\/\/maisonessentielle.com\/wp-json\/wp\/v2\/product_tag?post=25322"}],"curies":[{"name":"wp","href":"https:\/\/api.w.org\/{rel}","templated":true}]}}