{"id":4527,"date":"2020-11-03T08:40:52","date_gmt":"2020-11-03T07:40:52","guid":{"rendered":"https:\/\/maisonessentielle.com\/?page_id=4527"},"modified":"2024-12-25T22:09:53","modified_gmt":"2024-12-25T21:09:53","slug":"mentions-legales","status":"publish","type":"page","link":"https:\/\/maisonessentielle.com\/mentions-legales\/","title":{"rendered":"Mentions l\u00e9gales"},"content":{"rendered":"\t\t<div data-elementor-type=\"wp-page\" data-elementor-id=\"4527\" class=\"elementor elementor-4527\" data-elementor-post-type=\"page\">\n\t\t\t\t\t\t<section class=\"elementor-section elementor-top-section elementor-element elementor-element-65db79d7 elementor-section-boxed elementor-section-height-default elementor-section-height-default\" data-id=\"65db79d7\" data-element_type=\"section\" data-e-type=\"section\">\n\t\t\t\t\t\t<div class=\"elementor-container elementor-column-gap-default\">\n\t\t\t\t\t<div class=\"elementor-column elementor-col-100 elementor-top-column elementor-element elementor-element-59764996\" data-id=\"59764996\" data-element_type=\"column\" data-e-type=\"column\">\n\t\t\t<div class=\"elementor-widget-wrap elementor-element-populated\">\n\t\t\t\t\t\t<div class=\"elementor-element elementor-element-57f9a324 elementor-widget elementor-widget-text-editor\" data-id=\"57f9a324\" data-element_type=\"widget\" data-e-type=\"widget\" data-widget_type=\"text-editor.default\">\n\t\t\t\t<div class=\"elementor-widget-container\">\n\t\t\t\t\t\t\t\t\t\n<p>Le site internet maisonessentielle.com, soci\u00e9t\u00e9 en EURL au capital de 10 0000\u20ac au nom de Val\u00e9rie Sa\u00eblen<\/p>\n\n<p>(email : bonjour@maisonessentielle.com, T\u00e9l : 06 76 82 24 90),<\/p>\n\n<p>immatriculation au RCS de LILLE METROPOLE. 91176003 &#8211; Num\u00e9ro TVA FR66980272900<\/p>\n\n<p>dont le si\u00e8ge social est situ\u00e9 au 85 rue Nationale, 59700 MARCQ EN BAROEUL.<\/p>\n\n<p>Siret num\u00e9ro 980 272 900 000 13. Num\u00e9ro EORI FR980272900<br \/>Pour toute demande concernant le site internet <a href=\"https:\/\/maisonessentielle.com\">https:\/\/maisonessentielle.com<\/a> vous pouvez nous contacter par t\u00e9l\u00e9phone au 06 76 82 24 90 du lundi au vendredi ou par e-mail \u00e0 bonjour@maisonessentielle.com<br \/>Le directeur de la publication est Madame Val\u00e9rie Sa\u00eblen.<br \/>Le pr\u00e9sent site internet est h\u00e9berg\u00e9 par OVH dont le si\u00e8ge social est 2 rue Kellerman, 59100 Roubaix.<\/p>\n\t\t\t\t\t\t\t\t<\/div>\n\t\t\t\t<\/div>\n\t\t\t\t\t<\/div>\n\t\t<\/div>\n\t\t\t\t\t<\/div>\n\t\t<\/section>\n\t\t\t\t<\/div>\n\t\t","protected":false},"excerpt":{"rendered":"<p>Le site internet maisonessentielle.com, soci\u00e9t\u00e9 en EURL au capital de 10 0000\u20ac au nom de Val\u00e9rie Sa\u00eblen (email : bonjour@maisonessentielle.com, T\u00e9l : 06 76 82 24 90), immatriculation au RCS [&hellip;]<\/p>\n","protected":false},"author":2,"featured_media":0,"parent":0,"menu_order":0,"comment_status":"closed","ping_status":"closed","template":"","meta":{"_acf_changed":false,"site-sidebar-layout":"default","site-content-layout":"default","ast-site-content-layout":"default","site-content-style":"default","site-sidebar-style":"default","ast-global-header-display":"","ast-banner-title-visibility":"","ast-main-header-display":"","ast-hfb-above-header-display":"","ast-hfb-below-header-display":"","ast-hfb-mobile-header-display":"","site-post-title":"","ast-breadcrumbs-content":"","ast-featured-img":"","footer-sml-layout":"","ast-disable-related-posts":"","theme-transparent-header-meta":"default","adv-header-id-meta":"","stick-header-meta":"default","header-above-stick-meta":"","header-main-stick-meta":"","header-below-stick-meta":"","astra-migrate-meta-layouts":"set","ast-page-background-enabled":"default","ast-page-background-meta":{"desktop":{"background-color":"","background-image":"","background-repeat":"repeat","background-position":"center center","background-size":"auto","background-attachment":"scroll","background-type":"","background-media":"","overlay-type":"","overlay-color":"","overlay-opacity":"","overlay-gradient":""},"tablet":{"background-color":"","background-image":"","background-repeat":"repeat","background-position":"center center","background-size":"auto","background-attachment":"scroll","background-type":"","background-media":"","overlay-type":"","overlay-color":"","overlay-opacity":"","overlay-gradient":""},"mobile":{"background-color":"","background-image":"","background-repeat":"repeat","background-position":"center center","background-size":"auto","background-attachment":"scroll","background-type":"","background-media":"","overlay-type":"","overlay-color":"","overlay-opacity":"","overlay-gradient":""}},"ast-content-background-meta":{"desktop":{"background-color":"var(--ast-global-color-5)","background-image":"","background-repeat":"repeat","background-position":"center center","background-size":"auto","background-attachment":"scroll","background-type":"","background-media":"","overlay-type":"","overlay-color":"","overlay-opacity":"","overlay-gradient":""},"tablet":{"background-color":"var(--ast-global-color-5)","background-image":"","background-repeat":"repeat","background-position":"center center","background-size":"auto","background-attachment":"scroll","background-type":"","background-media":"","overlay-type":"","overlay-color":"","overlay-opacity":"","overlay-gradient":""},"mobile":{"background-color":"var(--ast-global-color-5)","background-image":"","background-repeat":"repeat","background-position":"center center","background-size":"auto","background-attachment":"scroll","background-type":"","background-media":"","overlay-type":"","overlay-color":"","overlay-opacity":"","overlay-gradient":""}},"footnotes":""},"class_list":["post-4527","page","type-page","status-publish","hentry"],"acf":[],"yoast_head":"<!-- This site is optimized with the Yoast SEO plugin v27.3 - https:\/\/yoast.com\/product\/yoast-seo-wordpress\/ -->\n<title>Mentions l\u00e9gales &#8226; Maison Essentielle - Mentions obligatoires du site<\/title>\n<meta name=\"description\" content=\"Les mentions l\u00e9gales sont des mentions \u00e0 caract\u00e8re obligatoire pr\u00e9sentant la soci\u00e9t\u00e9 derri\u00e8re le site maisonessentielle.com\" \/>\n<meta name=\"robots\" content=\"index, follow, max-snippet:-1, max-image-preview:large, max-video-preview:-1\" \/>\n<link rel=\"canonical\" href=\"https:\/\/maisonessentielle.com\/mentions-legales\/\" \/>\n<meta property=\"og:locale\" content=\"fr_FR\" \/>\n<meta property=\"og:type\" content=\"article\" \/>\n<meta property=\"og:title\" content=\"Mentions l\u00e9gales &#8226; Maison Essentielle - Mentions obligatoires du site\" \/>\n<meta property=\"og:description\" content=\"Les mentions l\u00e9gales sont des mentions \u00e0 caract\u00e8re obligatoire pr\u00e9sentant la soci\u00e9t\u00e9 derri\u00e8re le site maisonessentielle.com\" \/>\n<meta property=\"og:url\" content=\"https:\/\/maisonessentielle.com\/mentions-legales\/\" \/>\n<meta property=\"og:site_name\" content=\"Maison Essentielle\" \/>\n<meta property=\"article:publisher\" content=\"https:\/\/www.facebook.com\/profile.php?id=61574309661771\" \/>\n<meta property=\"article:modified_time\" content=\"2024-12-25T21:09:53+00:00\" \/>\n<meta name=\"twitter:card\" content=\"summary_large_image\" \/>\n<meta name=\"twitter:label1\" content=\"Dur\u00e9e de lecture estim\u00e9e\" \/>\n\t<meta name=\"twitter:data1\" content=\"1 minute\" \/>\n<script type=\"application\/ld+json\" class=\"yoast-schema-graph\">{\"@context\":\"https:\\\/\\\/schema.org\",\"@graph\":[{\"@type\":\"WebPage\",\"@id\":\"https:\\\/\\\/maisonessentielle.com\\\/mentions-legales\\\/\",\"url\":\"https:\\\/\\\/maisonessentielle.com\\\/mentions-legales\\\/\",\"name\":\"Mentions l\u00e9gales &#8226; Maison Essentielle - Mentions obligatoires du site\",\"isPartOf\":{\"@id\":\"https:\\\/\\\/maisonessentielle.com\\\/#website\"},\"datePublished\":\"2020-11-03T07:40:52+00:00\",\"dateModified\":\"2024-12-25T21:09:53+00:00\",\"description\":\"Les mentions l\u00e9gales sont des mentions \u00e0 caract\u00e8re obligatoire pr\u00e9sentant la soci\u00e9t\u00e9 derri\u00e8re le site maisonessentielle.com\",\"breadcrumb\":{\"@id\":\"https:\\\/\\\/maisonessentielle.com\\\/mentions-legales\\\/#breadcrumb\"},\"inLanguage\":\"fr-FR\",\"potentialAction\":[{\"@type\":\"ReadAction\",\"target\":[\"https:\\\/\\\/maisonessentielle.com\\\/mentions-legales\\\/\"]}]},{\"@type\":\"BreadcrumbList\",\"@id\":\"https:\\\/\\\/maisonessentielle.com\\\/mentions-legales\\\/#breadcrumb\",\"itemListElement\":[{\"@type\":\"ListItem\",\"position\":1,\"name\":\"Accueil\",\"item\":\"https:\\\/\\\/maisonessentielle.com\\\/\"},{\"@type\":\"ListItem\",\"position\":2,\"name\":\"Mentions l\u00e9gales\"}]},{\"@type\":\"WebSite\",\"@id\":\"https:\\\/\\\/maisonessentielle.com\\\/#website\",\"url\":\"https:\\\/\\\/maisonessentielle.com\\\/\",\"name\":\"Maison Essentielle\",\"description\":\"Vestiaire essentiel \u00e0 coudre ou \u00e0 porter\",\"publisher\":{\"@id\":\"https:\\\/\\\/maisonessentielle.com\\\/#organization\"},\"potentialAction\":[{\"@type\":\"SearchAction\",\"target\":{\"@type\":\"EntryPoint\",\"urlTemplate\":\"https:\\\/\\\/maisonessentielle.com\\\/?s={search_term_string}\"},\"query-input\":{\"@type\":\"PropertyValueSpecification\",\"valueRequired\":true,\"valueName\":\"search_term_string\"}}],\"inLanguage\":\"fr-FR\"},{\"@type\":\"Organization\",\"@id\":\"https:\\\/\\\/maisonessentielle.com\\\/#organization\",\"name\":\"Maison Essentielle\",\"url\":\"https:\\\/\\\/maisonessentielle.com\\\/\",\"logo\":{\"@type\":\"ImageObject\",\"inLanguage\":\"fr-FR\",\"@id\":\"https:\\\/\\\/maisonessentielle.com\\\/#\\\/schema\\\/logo\\\/image\\\/\",\"url\":\"https:\\\/\\\/maisonessentielle.com\\\/wp-content\\\/uploads\\\/2022\\\/03\\\/MAISON-ESSENTIELLE_LOGO_facture-min.png\",\"contentUrl\":\"https:\\\/\\\/maisonessentielle.com\\\/wp-content\\\/uploads\\\/2022\\\/03\\\/MAISON-ESSENTIELLE_LOGO_facture-min.png\",\"width\":400,\"height\":57,\"caption\":\"Maison Essentielle\"},\"image\":{\"@id\":\"https:\\\/\\\/maisonessentielle.com\\\/#\\\/schema\\\/logo\\\/image\\\/\"},\"sameAs\":[\"https:\\\/\\\/www.facebook.com\\\/profile.php?id=61574309661771\",\"https:\\\/\\\/www.instagram.com\\\/maison_essentielle_\\\/\"]}]}<\/script>\n<!-- \/ Yoast SEO plugin. -->","yoast_head_json":{"title":"Mentions l\u00e9gales &#8226; Maison Essentielle - Mentions obligatoires du site","description":"Les mentions l\u00e9gales sont des mentions \u00e0 caract\u00e8re obligatoire pr\u00e9sentant la soci\u00e9t\u00e9 derri\u00e8re le site maisonessentielle.com","robots":{"index":"index","follow":"follow","max-snippet":"max-snippet:-1","max-image-preview":"max-image-preview:large","max-video-preview":"max-video-preview:-1"},"canonical":"https:\/\/maisonessentielle.com\/mentions-legales\/","og_locale":"fr_FR","og_type":"article","og_title":"Mentions l\u00e9gales &#8226; Maison Essentielle - Mentions obligatoires du site","og_description":"Les mentions l\u00e9gales sont des mentions \u00e0 caract\u00e8re obligatoire pr\u00e9sentant la soci\u00e9t\u00e9 derri\u00e8re le site maisonessentielle.com","og_url":"https:\/\/maisonessentielle.com\/mentions-legales\/","og_site_name":"Maison Essentielle","article_publisher":"https:\/\/www.facebook.com\/profile.php?id=61574309661771","article_modified_time":"2024-12-25T21:09:53+00:00","twitter_card":"summary_large_image","twitter_misc":{"Dur\u00e9e de lecture estim\u00e9e":"1 minute"},"schema":{"@context":"https:\/\/schema.org","@graph":[{"@type":"WebPage","@id":"https:\/\/maisonessentielle.com\/mentions-legales\/","url":"https:\/\/maisonessentielle.com\/mentions-legales\/","name":"Mentions l\u00e9gales &#8226; Maison Essentielle - Mentions obligatoires du site","isPartOf":{"@id":"https:\/\/maisonessentielle.com\/#website"},"datePublished":"2020-11-03T07:40:52+00:00","dateModified":"2024-12-25T21:09:53+00:00","description":"Les mentions l\u00e9gales sont des mentions \u00e0 caract\u00e8re obligatoire pr\u00e9sentant la soci\u00e9t\u00e9 derri\u00e8re le site maisonessentielle.com","breadcrumb":{"@id":"https:\/\/maisonessentielle.com\/mentions-legales\/#breadcrumb"},"inLanguage":"fr-FR","potentialAction":[{"@type":"ReadAction","target":["https:\/\/maisonessentielle.com\/mentions-legales\/"]}]},{"@type":"BreadcrumbList","@id":"https:\/\/maisonessentielle.com\/mentions-legales\/#breadcrumb","itemListElement":[{"@type":"ListItem","position":1,"name":"Accueil","item":"https:\/\/maisonessentielle.com\/"},{"@type":"ListItem","position":2,"name":"Mentions l\u00e9gales"}]},{"@type":"WebSite","@id":"https:\/\/maisonessentielle.com\/#website","url":"https:\/\/maisonessentielle.com\/","name":"Maison Essentielle","description":"Vestiaire essentiel \u00e0 coudre ou \u00e0 porter","publisher":{"@id":"https:\/\/maisonessentielle.com\/#organization"},"potentialAction":[{"@type":"SearchAction","target":{"@type":"EntryPoint","urlTemplate":"https:\/\/maisonessentielle.com\/?s={search_term_string}"},"query-input":{"@type":"PropertyValueSpecification","valueRequired":true,"valueName":"search_term_string"}}],"inLanguage":"fr-FR"},{"@type":"Organization","@id":"https:\/\/maisonessentielle.com\/#organization","name":"Maison Essentielle","url":"https:\/\/maisonessentielle.com\/","logo":{"@type":"ImageObject","inLanguage":"fr-FR","@id":"https:\/\/maisonessentielle.com\/#\/schema\/logo\/image\/","url":"https:\/\/maisonessentielle.com\/wp-content\/uploads\/2022\/03\/MAISON-ESSENTIELLE_LOGO_facture-min.png","contentUrl":"https:\/\/maisonessentielle.com\/wp-content\/uploads\/2022\/03\/MAISON-ESSENTIELLE_LOGO_facture-min.png","width":400,"height":57,"caption":"Maison Essentielle"},"image":{"@id":"https:\/\/maisonessentielle.com\/#\/schema\/logo\/image\/"},"sameAs":["https:\/\/www.facebook.com\/profile.php?id=61574309661771","https:\/\/www.instagram.com\/maison_essentielle_\/"]}]}},"_links":{"self":[{"href":"https:\/\/maisonessentielle.com\/wp-json\/wp\/v2\/pages\/4527","targetHints":{"allow":["GET"]}}],"collection":[{"href":"https:\/\/maisonessentielle.com\/wp-json\/wp\/v2\/pages"}],"about":[{"href":"https:\/\/maisonessentielle.com\/wp-json\/wp\/v2\/types\/page"}],"author":[{"embeddable":true,"href":"https:\/\/maisonessentielle.com\/wp-json\/wp\/v2\/users\/2"}],"replies":[{"embeddable":true,"href":"https:\/\/maisonessentielle.com\/wp-json\/wp\/v2\/comments?post=4527"}],"version-history":[{"count":0,"href":"https:\/\/maisonessentielle.com\/wp-json\/wp\/v2\/pages\/4527\/revisions"}],"wp:attachment":[{"href":"https:\/\/maisonessentielle.com\/wp-json\/wp\/v2\/media?parent=4527"}],"curies":[{"name":"wp","href":"https:\/\/api.w.org\/{rel}","templated":true}]}}

Mentions légales

<div data-elementor-type="wp-page" data-elementor-id="4527" class="elementor elementor-4527" data-elementor-post-type="page">
						<section class="elementor-section elementor-top-section elementor-element elementor-element-65db79d7 elementor-section-boxed elementor-section-height-default elementor-section-height-default" data-id="65db79d7" data-element_type="section" data-e-type="section">
						<div class="elementor-container elementor-column-gap-default">
					<div class="elementor-column elementor-col-100 elementor-top-column elementor-element elementor-element-59764996" data-id="59764996" data-element_type="column" data-e-type="column">
			<div class="elementor-widget-wrap elementor-element-populated">
						<div class="elementor-element elementor-element-57f9a324 elementor-widget elementor-widget-text-editor" data-id="57f9a324" data-element_type="widget" data-e-type="widget" data-widget_type="text-editor.default">
				<div class="elementor-widget-container">
									
<p>Le site internet maisonessentielle.com, société en EURL au capital de 10 0000€ au nom de Valérie Saëlen</p>

<p>(email : bonjour@maisonessentielle.com, Tél : 06 76 82 24 90),</p>

<p>immatriculation au RCS de LILLE METROPOLE. 91176003 &#8211; Numéro TVA FR66980272900</p>

<p>dont le siège social est situé au 85 rue Nationale, 59700 MARCQ EN BAROEUL.</p>

<p>Siret numéro 980 272 900 000 13. Numéro EORI FR980272900<br />Pour toute demande concernant le site internet <a href="https://maisonessentielle.com">https://maisonessentielle.com</a> vous pouvez nous contacter par téléphone au 06 76 82 24 90 du lundi au vendredi ou par e-mail à bonjour@maisonessentielle.com<br />Le directeur de la publication est Madame Valérie Saëlen.<br />Le présent site internet est hébergé par OVH dont le siège social est 2 rue Kellerman, 59100 Roubaix.</p>
								</div>
				</div>
					</div>
		</div>
					</div>
		</section>
				</div>

<p>Le site internet maisonessentielle.com, société en EURL au capital de 10 0000€ au nom de Valérie Saëlen (email : bonjour@maisonessentielle.com, Tél : 06 76 82 24 90), immatriculation au RCS [&hellip;]</p>

<!-- This site is optimized with the Yoast SEO plugin v27.3 - https://yoast.com/product/yoast-seo-wordpress/ -->
<title>Mentions légales &#8226; Maison Essentielle - Mentions obligatoires du site</title>
<meta name="description" content="Les mentions légales sont des mentions à caractère obligatoire présentant la société derrière le site maisonessentielle.com" />
<meta name="robots" content="index, follow, max-snippet:-1, max-image-preview:large, max-video-preview:-1" />
<link rel="canonical" href="https://maisonessentielle.com/mentions-legales/" />
<meta property="og:locale" content="fr_FR" />
<meta property="og:type" content="article" />
<meta property="og:title" content="Mentions légales &#8226; Maison Essentielle - Mentions obligatoires du site" />
<meta property="og:description" content="Les mentions légales sont des mentions à caractère obligatoire présentant la société derrière le site maisonessentielle.com" />
<meta property="og:url" content="https://maisonessentielle.com/mentions-legales/" />
<meta property="og:site_name" content="Maison Essentielle" />
<meta property="article:publisher" content="https://www.facebook.com/profile.php?id=61574309661771" />
<meta property="article:modified_time" content="2024-12-25T21:09:53+00:00" />
<meta name="twitter:card" content="summary_large_image" />
<meta name="twitter:label1" content="Durée de lecture estimée" />
	<meta name="twitter:data1" content="1 minute" />
<script type="application/ld+json" class="yoast-schema-graph">{"@context":"https:\/\/schema.org","@graph":[{"@type":"WebPage","@id":"https:\/\/maisonessentielle.com\/mentions-legales\/","url":"https:\/\/maisonessentielle.com\/mentions-legales\/","name":"Mentions légales &#8226; Maison Essentielle - Mentions obligatoires du site","isPartOf":{"@id":"https:\/\/maisonessentielle.com\/#website"},"datePublished":"2020-11-03T07:40:52+00:00","dateModified":"2024-12-25T21:09:53+00:00","description":"Les mentions légales sont des mentions à caractère obligatoire présentant la société derrière le site maisonessentielle.com","breadcrumb":{"@id":"https:\/\/maisonessentielle.com\/mentions-legales\/#breadcrumb"},"inLanguage":"fr-FR","potentialAction":[{"@type":"ReadAction","target":["https:\/\/maisonessentielle.com\/mentions-legales\/"]}]},{"@type":"BreadcrumbList","@id":"https:\/\/maisonessentielle.com\/mentions-legales\/#breadcrumb","itemListElement":[{"@type":"ListItem","position":1,"name":"Accueil","item":"https:\/\/maisonessentielle.com\/"},{"@type":"ListItem","position":2,"name":"Mentions légales"}]},{"@type":"WebSite","@id":"https:\/\/maisonessentielle.com\/#website","url":"https:\/\/maisonessentielle.com\/","name":"Maison Essentielle","description":"Vestiaire essentiel à coudre ou à porter","publisher":{"@id":"https:\/\/maisonessentielle.com\/#organization"},"potentialAction":[{"@type":"SearchAction","target":{"@type":"EntryPoint","urlTemplate":"https:\/\/maisonessentielle.com\/?s={search_term_string}"},"query-input":{"@type":"PropertyValueSpecification","valueRequired":true,"valueName":"search_term_string"}}],"inLanguage":"fr-FR"},{"@type":"Organization","@id":"https:\/\/maisonessentielle.com\/#organization","name":"Maison Essentielle","url":"https:\/\/maisonessentielle.com\/","logo":{"@type":"ImageObject","inLanguage":"fr-FR","@id":"https:\/\/maisonessentielle.com\/#\/schema\/logo\/image\/","url":"https:\/\/maisonessentielle.com\/wp-content\/uploads\/2022\/03\/MAISON-ESSENTIELLE_LOGO_facture-min.png","contentUrl":"https:\/\/maisonessentielle.com\/wp-content\/uploads\/2022\/03\/MAISON-ESSENTIELLE_LOGO_facture-min.png","width":400,"height":57,"caption":"Maison Essentielle"},"image":{"@id":"https:\/\/maisonessentielle.com\/#\/schema\/logo\/image\/"},"sameAs":["https:\/\/www.facebook.com\/profile.php?id=61574309661771","https:\/\/www.instagram.com\/maison_essentielle_\/"]}]}</script>
<!-- / Yoast SEO plugin. -->

Mentions légales &#8226; Maison Essentielle - Mentions obligatoires du site

Les mentions légales sont des mentions à caractère obligatoire présentant la société derrière le site maisonessentielle.com

Vestiaire essentiel à coudre ou à porter
